{"id":542,"date":"2018-08-26T09:48:22","date_gmt":"2018-08-26T09:48:22","guid":{"rendered":"http:\/\/gerrit-mit-freude-am-leben.de\/?page_id=542"},"modified":"2018-09-16T09:47:53","modified_gmt":"2018-09-16T09:47:53","slug":"gerrit-und-der-sport","status":"publish","type":"page","link":"http:\/\/gerrit-mit-freude-am-leben.de\/?page_id=542","title":{"rendered":"Gerrit und der Sport"},"content":{"rendered":"\n<div class=\"wp-block-image\"><figure class=\"alignright is-resized\"><img loading=\"lazy\" decoding=\"async\" src=\"http:\/\/gerrit-mit-freude-am-leben.de\/wp-content\/uploads\/2018\/08\/Berlin-Juli-2018-72.jpg\" alt=\"\" class=\"wp-image-115\" width=\"379\" height=\"285\" srcset=\"http:\/\/gerrit-mit-freude-am-leben.de\/wp-content\/uploads\/2018\/08\/Berlin-Juli-2018-72.jpg 640w, http:\/\/gerrit-mit-freude-am-leben.de\/wp-content\/uploads\/2018\/08\/Berlin-Juli-2018-72-300x225.jpg 300w\" sizes=\"auto, (max-width: 379px) 100vw, 379px\" \/><figcaption>Wer ist hier mit Herzblut dabei?<\/figcaption><\/figure><\/div>\n\n\n\n<p><strong><br\/><\/strong>Wie jeder Junge interessiert sich Gerrit f\u00fcr Sport, insbesondere f\u00fcr Fu\u00dfball. Keine EM oder WM, die nicht mit Herzblut verfolgt wird. Dann ist Gerrit mit Begeisterung dabei, vor allem, wenn er dann auch noch das Trikot der Mannschaft tragen und ganz zu den deutschen Fans dazugeh\u00f6ren kann.<\/p>\n\n\n\n<p class=\"has-very-light-gray-color\">&#8212;<\/p>\n\n\n\n<p><\/p>\n\n\n\n<p><strong>Eine Freundschaft der besonderen Art<\/strong><\/p>\n\n\n\n<p><\/p>\n\n\n\n<figure class=\"wp-block-image\"><img loading=\"lazy\" decoding=\"async\" width=\"625\" height=\"352\" src=\"http:\/\/gerrit-mit-freude-am-leben.de\/wp-content\/uploads\/2018\/08\/Berlin-Juli-2018-98.jpg\" alt=\"\" class=\"wp-image-141\" srcset=\"http:\/\/gerrit-mit-freude-am-leben.de\/wp-content\/uploads\/2018\/08\/Berlin-Juli-2018-98.jpg 625w, http:\/\/gerrit-mit-freude-am-leben.de\/wp-content\/uploads\/2018\/08\/Berlin-Juli-2018-98-300x169.jpg 300w\" sizes=\"auto, (max-width: 625px) 100vw, 625px\" \/><figcaption>Die begeisterten Spieler der Spatans &#8211; und Gerrit mitten unter ihnen <\/figcaption><\/figure>\n\n\n\n<p><\/p>\n\n\n\n<p><\/p>\n\n\n\n<div class=\"wp-block-image\"><figure class=\"alignleft is-resized\"><img loading=\"lazy\" decoding=\"async\" src=\"http:\/\/gerrit-mit-freude-am-leben.de\/wp-content\/uploads\/2018\/08\/Berlin-Juli-2018-100.jpg\" alt=\"\" class=\"wp-image-143\" width=\"361\" height=\"202\" srcset=\"http:\/\/gerrit-mit-freude-am-leben.de\/wp-content\/uploads\/2018\/08\/Berlin-Juli-2018-100.jpg 1344w, http:\/\/gerrit-mit-freude-am-leben.de\/wp-content\/uploads\/2018\/08\/Berlin-Juli-2018-100-300x169.jpg 300w, http:\/\/gerrit-mit-freude-am-leben.de\/wp-content\/uploads\/2018\/08\/Berlin-Juli-2018-100-768x432.jpg 768w, http:\/\/gerrit-mit-freude-am-leben.de\/wp-content\/uploads\/2018\/08\/Berlin-Juli-2018-100-1024x576.jpg 1024w, http:\/\/gerrit-mit-freude-am-leben.de\/wp-content\/uploads\/2018\/08\/Berlin-Juli-2018-100-748x421.jpg 748w\" sizes=\"auto, (max-width: 361px) 100vw, 361px\" \/><figcaption>Die Nummer eins ist f\u00fcr Gerrit reserviert<\/figcaption><\/figure><\/div>\n\n\n\n<p>Eine ganz besondere Freundschaft hat sich seit einigen Jahren zwischen Gerrit und den Spartans entwickelt. Das Neu-Ulmer Football-Team, das sich erst 2012 aus den Neu-Ulm Barracudas und den Ulm Sparrows gebildet hat, begeisterte Gerrit von Anfang an. Die Spiele und Turniere der Spartans verfolgt Gerrit immer, wenn er es kann.<\/p>\n\n\n\n<p style=\"color:#ffffff\">&#8211;<\/p>\n\n\n\n<div class=\"wp-block-image\"><figure class=\"alignright is-resized\"><img loading=\"lazy\" decoding=\"async\" src=\"http:\/\/gerrit-mit-freude-am-leben.de\/wp-content\/uploads\/2018\/08\/Berlin-Juli-2018-103.jpg\" alt=\"\" class=\"wp-image-146\" width=\"577\" height=\"324\" srcset=\"http:\/\/gerrit-mit-freude-am-leben.de\/wp-content\/uploads\/2018\/08\/Berlin-Juli-2018-103.jpg 640w, http:\/\/gerrit-mit-freude-am-leben.de\/wp-content\/uploads\/2018\/08\/Berlin-Juli-2018-103-300x169.jpg 300w\" sizes=\"auto, (max-width: 577px) 100vw, 577px\" \/><figcaption>Die rauen Sportler und der stille Junge<\/figcaption><\/figure><\/div>\n\n\n\n<p><\/p>\n\n\n\n<p>Das Team dankte es ihm mit einem eigenen Trikot mit der Nummer eins darauf. Gerrit tr\u00e4gt es, wenn er zuschaut, wie die Spieler k\u00e4mpfen. Der Unterschied zwischen den kr\u00e4ftigen, wilden und rauen Footballspielern und dem ruhigen, zarten und bewegungslosen Jungen im Rollstuhl k\u00f6nnte kaum gr\u00f6\u00dfer sein. Doch Gegens\u00e4tze ziehen sich manchmal an, und es ist eine enge Freundschaft entstanden. Die Spartans waren auch schon zu einem Grillfest in Achstetten eingeladen, und sie haben sich im Ferienhaus in Erbach mit einer Spartaner-Holzfigur verewigt, die dort auf dem Steg steht.<\/p>\n\n\n\n<ul class=\"wp-block-gallery columns-3 is-cropped wp-block-gallery-1 is-layout-flex wp-block-gallery-is-layout-flex\"><li class=\"blocks-gallery-item\"><figure><img loading=\"lazy\" decoding=\"async\" width=\"808\" height=\"1436\" src=\"http:\/\/gerrit-mit-freude-am-leben.de\/wp-content\/uploads\/2018\/08\/Berlin-Juli-2018-101.jpg\" alt=\"\" data-id=\"144\" data-link=\"http:\/\/gerrit-mit-freude-am-leben.de\/?attachment_id=144\" class=\"wp-image-144\" srcset=\"http:\/\/gerrit-mit-freude-am-leben.de\/wp-content\/uploads\/2018\/08\/Berlin-Juli-2018-101.jpg 808w, http:\/\/gerrit-mit-freude-am-leben.de\/wp-content\/uploads\/2018\/08\/Berlin-Juli-2018-101-169x300.jpg 169w, http:\/\/gerrit-mit-freude-am-leben.de\/wp-content\/uploads\/2018\/08\/Berlin-Juli-2018-101-768x1365.jpg 768w, http:\/\/gerrit-mit-freude-am-leben.de\/wp-content\/uploads\/2018\/08\/Berlin-Juli-2018-101-576x1024.jpg 576w\" sizes=\"auto, (max-width: 808px) 100vw, 808px\" \/><figcaption>Die Nr.1 f\u00fcr die Nr.1<\/figcaption><\/figure><\/li><li class=\"blocks-gallery-item\"><figure><img loading=\"lazy\" decoding=\"async\" width=\"1344\" height=\"756\" src=\"http:\/\/gerrit-mit-freude-am-leben.de\/wp-content\/uploads\/2018\/08\/Berlin-Juli-2018-100.jpg\" alt=\"\" data-id=\"143\" data-link=\"http:\/\/gerrit-mit-freude-am-leben.de\/?attachment_id=143\" class=\"wp-image-143\" srcset=\"http:\/\/gerrit-mit-freude-am-leben.de\/wp-content\/uploads\/2018\/08\/Berlin-Juli-2018-100.jpg 1344w, http:\/\/gerrit-mit-freude-am-leben.de\/wp-content\/uploads\/2018\/08\/Berlin-Juli-2018-100-300x169.jpg 300w, http:\/\/gerrit-mit-freude-am-leben.de\/wp-content\/uploads\/2018\/08\/Berlin-Juli-2018-100-768x432.jpg 768w, http:\/\/gerrit-mit-freude-am-leben.de\/wp-content\/uploads\/2018\/08\/Berlin-Juli-2018-100-1024x576.jpg 1024w, http:\/\/gerrit-mit-freude-am-leben.de\/wp-content\/uploads\/2018\/08\/Berlin-Juli-2018-100-748x421.jpg 748w\" sizes=\"auto, (max-width: 1344px) 100vw, 1344px\" \/><figcaption>Erst leichte Skepsis&#8230;<\/figcaption><\/figure><\/li><li class=\"blocks-gallery-item\"><figure><img loading=\"lazy\" decoding=\"async\" width=\"816\" height=\"1451\" src=\"http:\/\/gerrit-mit-freude-am-leben.de\/wp-content\/uploads\/2018\/08\/Berlin-Juli-2018-99.jpg\" alt=\"\" data-id=\"142\" data-link=\"http:\/\/gerrit-mit-freude-am-leben.de\/?attachment_id=142\" class=\"wp-image-142\" srcset=\"http:\/\/gerrit-mit-freude-am-leben.de\/wp-content\/uploads\/2018\/08\/Berlin-Juli-2018-99.jpg 816w, http:\/\/gerrit-mit-freude-am-leben.de\/wp-content\/uploads\/2018\/08\/Berlin-Juli-2018-99-169x300.jpg 169w, http:\/\/gerrit-mit-freude-am-leben.de\/wp-content\/uploads\/2018\/08\/Berlin-Juli-2018-99-768x1366.jpg 768w, http:\/\/gerrit-mit-freude-am-leben.de\/wp-content\/uploads\/2018\/08\/Berlin-Juli-2018-99-576x1024.jpg 576w\" sizes=\"auto, (max-width: 816px) 100vw, 816px\" \/><figcaption>&#8230; dann sichtbare Freude<\/figcaption><\/figure><\/li><li class=\"blocks-gallery-item\"><figure><img loading=\"lazy\" decoding=\"async\" width=\"467\" height=\"622\" src=\"http:\/\/gerrit-mit-freude-am-leben.de\/wp-content\/uploads\/2018\/08\/Berlin-Juli-2018-42.jpg\" alt=\"\" data-id=\"85\" data-link=\"http:\/\/gerrit-mit-freude-am-leben.de\/?attachment_id=85\" class=\"wp-image-85\" srcset=\"http:\/\/gerrit-mit-freude-am-leben.de\/wp-content\/uploads\/2018\/08\/Berlin-Juli-2018-42.jpg 467w, http:\/\/gerrit-mit-freude-am-leben.de\/wp-content\/uploads\/2018\/08\/Berlin-Juli-2018-42-225x300.jpg 225w\" sizes=\"auto, (max-width: 467px) 100vw, 467px\" \/><figcaption>Daumen hoch f\u00fcr die Spartans<\/figcaption><\/figure><\/li><\/ul>\n","protected":false},"excerpt":{"rendered":"<p>Wie jeder Junge interessiert sich Gerrit f\u00fcr Sport, insbesondere f\u00fcr Fu\u00dfball. Keine EM oder WM, die nicht mit Herzblut verfolgt wird. Dann ist Gerrit mit Begeisterung dabei, vor allem, wenn<\/p>\n","protected":false},"author":1,"featured_media":0,"parent":0,"menu_order":0,"comment_status":"closed","ping_status":"closed","template":"","meta":{"footnotes":""},"class_list":["post-542","page","type-page","status-publish","hentry"],"_links":{"self":[{"href":"http:\/\/gerrit-mit-freude-am-leben.de\/index.php?rest_route=\/wp\/v2\/pages\/542","targetHints":{"allow":["GET"]}}],"collection":[{"href":"http:\/\/gerrit-mit-freude-am-leben.de\/index.php?rest_route=\/wp\/v2\/pages"}],"about":[{"href":"http:\/\/gerrit-mit-freude-am-leben.de\/index.php?rest_route=\/wp\/v2\/types\/page"}],"author":[{"embeddable":true,"href":"http:\/\/gerrit-mit-freude-am-leben.de\/index.php?rest_route=\/wp\/v2\/users\/1"}],"replies":[{"embeddable":true,"href":"http:\/\/gerrit-mit-freude-am-leben.de\/index.php?rest_route=%2Fwp%2Fv2%2Fcomments&post=542"}],"version-history":[{"count":63,"href":"http:\/\/gerrit-mit-freude-am-leben.de\/index.php?rest_route=\/wp\/v2\/pages\/542\/revisions"}],"predecessor-version":[{"id":1021,"href":"http:\/\/gerrit-mit-freude-am-leben.de\/index.php?rest_route=\/wp\/v2\/pages\/542\/revisions\/1021"}],"wp:attachment":[{"href":"http:\/\/gerrit-mit-freude-am-leben.de\/index.php?rest_route=%2Fwp%2Fv2%2Fmedia&parent=542"}],"curies":[{"name":"wp","href":"https:\/\/api.w.org\/{rel}","templated":true}]}}

<div class="wp-block-image"><figure class="alignright is-resized"><img loading="lazy" decoding="async" src="http://gerrit-mit-freude-am-leben.de/wp-content/uploads/2018/08/Berlin-Juli-2018-72.jpg" alt="" class="wp-image-115" width="379" height="285" srcset="http://gerrit-mit-freude-am-leben.de/wp-content/uploads/2018/08/Berlin-Juli-2018-72.jpg 640w, http://gerrit-mit-freude-am-leben.de/wp-content/uploads/2018/08/Berlin-Juli-2018-72-300x225.jpg 300w" sizes="auto, (max-width: 379px) 100vw, 379px" /><figcaption>Wer ist hier mit Herzblut dabei?</figcaption></figure></div>



<p><strong><br/></strong>Wie jeder Junge interessiert sich Gerrit für Sport, insbesondere für Fußball. Keine EM oder WM, die nicht mit Herzblut verfolgt wird. Dann ist Gerrit mit Begeisterung dabei, vor allem, wenn er dann auch noch das Trikot der Mannschaft tragen und ganz zu den deutschen Fans dazugehören kann.</p>



<p class="has-very-light-gray-color">&#8212;</p>



<p></p>



<p><strong>Eine Freundschaft der besonderen Art</strong></p>



<p></p>



<figure class="wp-block-image"><img loading="lazy" decoding="async" width="625" height="352" src="http://gerrit-mit-freude-am-leben.de/wp-content/uploads/2018/08/Berlin-Juli-2018-98.jpg" alt="" class="wp-image-141" srcset="http://gerrit-mit-freude-am-leben.de/wp-content/uploads/2018/08/Berlin-Juli-2018-98.jpg 625w, http://gerrit-mit-freude-am-leben.de/wp-content/uploads/2018/08/Berlin-Juli-2018-98-300x169.jpg 300w" sizes="auto, (max-width: 625px) 100vw, 625px" /><figcaption>Die begeisterten Spieler der Spatans &#8211; und Gerrit mitten unter ihnen </figcaption></figure>



<p></p>



<p></p>



<div class="wp-block-image"><figure class="alignleft is-resized"><img loading="lazy" decoding="async" src="http://gerrit-mit-freude-am-leben.de/wp-content/uploads/2018/08/Berlin-Juli-2018-100.jpg" alt="" class="wp-image-143" width="361" height="202" srcset="http://gerrit-mit-freude-am-leben.de/wp-content/uploads/2018/08/Berlin-Juli-2018-100.jpg 1344w, http://gerrit-mit-freude-am-leben.de/wp-content/uploads/2018/08/Berlin-Juli-2018-100-300x169.jpg 300w, http://gerrit-mit-freude-am-leben.de/wp-content/uploads/2018/08/Berlin-Juli-2018-100-768x432.jpg 768w, http://gerrit-mit-freude-am-leben.de/wp-content/uploads/2018/08/Berlin-Juli-2018-100-1024x576.jpg 1024w, http://gerrit-mit-freude-am-leben.de/wp-content/uploads/2018/08/Berlin-Juli-2018-100-748x421.jpg 748w" sizes="auto, (max-width: 361px) 100vw, 361px" /><figcaption>Die Nummer eins ist für Gerrit reserviert</figcaption></figure></div>



<p>Eine ganz besondere Freundschaft hat sich seit einigen Jahren zwischen Gerrit und den Spartans entwickelt. Das Neu-Ulmer Football-Team, das sich erst 2012 aus den Neu-Ulm Barracudas und den Ulm Sparrows gebildet hat, begeisterte Gerrit von Anfang an. Die Spiele und Turniere der Spartans verfolgt Gerrit immer, wenn er es kann.</p>



<p style="color:#ffffff">&#8211;</p>



<div class="wp-block-image"><figure class="alignright is-resized"><img loading="lazy" decoding="async" src="http://gerrit-mit-freude-am-leben.de/wp-content/uploads/2018/08/Berlin-Juli-2018-103.jpg" alt="" class="wp-image-146" width="577" height="324" srcset="http://gerrit-mit-freude-am-leben.de/wp-content/uploads/2018/08/Berlin-Juli-2018-103.jpg 640w, http://gerrit-mit-freude-am-leben.de/wp-content/uploads/2018/08/Berlin-Juli-2018-103-300x169.jpg 300w" sizes="auto, (max-width: 577px) 100vw, 577px" /><figcaption>Die rauen Sportler und der stille Junge</figcaption></figure></div>



<p></p>



<p>Das Team dankte es ihm mit einem eigenen Trikot mit der Nummer eins darauf. Gerrit trägt es, wenn er zuschaut, wie die Spieler kämpfen. Der Unterschied zwischen den kräftigen, wilden und rauen Footballspielern und dem ruhigen, zarten und bewegungslosen Jungen im Rollstuhl könnte kaum größer sein. Doch Gegensätze ziehen sich manchmal an, und es ist eine enge Freundschaft entstanden. Die Spartans waren auch schon zu einem Grillfest in Achstetten eingeladen, und sie haben sich im Ferienhaus in Erbach mit einer Spartaner-Holzfigur verewigt, die dort auf dem Steg steht.</p>



<ul class="wp-block-gallery columns-3 is-cropped wp-block-gallery-1 is-layout-flex wp-block-gallery-is-layout-flex"><li class="blocks-gallery-item"><figure><img loading="lazy" decoding="async" width="808" height="1436" src="http://gerrit-mit-freude-am-leben.de/wp-content/uploads/2018/08/Berlin-Juli-2018-101.jpg" alt="" data-id="144" data-link="http://gerrit-mit-freude-am-leben.de/?attachment_id=144" class="wp-image-144" srcset="http://gerrit-mit-freude-am-leben.de/wp-content/uploads/2018/08/Berlin-Juli-2018-101.jpg 808w, http://gerrit-mit-freude-am-leben.de/wp-content/uploads/2018/08/Berlin-Juli-2018-101-169x300.jpg 169w, http://gerrit-mit-freude-am-leben.de/wp-content/uploads/2018/08/Berlin-Juli-2018-101-768x1365.jpg 768w, http://gerrit-mit-freude-am-leben.de/wp-content/uploads/2018/08/Berlin-Juli-2018-101-576x1024.jpg 576w" sizes="auto, (max-width: 808px) 100vw, 808px" /><figcaption>Die Nr.1 für die Nr.1</figcaption></figure></li><li class="blocks-gallery-item"><figure><img loading="lazy" decoding="async" width="1344" height="756" src="http://gerrit-mit-freude-am-leben.de/wp-content/uploads/2018/08/Berlin-Juli-2018-100.jpg" alt="" data-id="143" data-link="http://gerrit-mit-freude-am-leben.de/?attachment_id=143" class="wp-image-143" srcset="http://gerrit-mit-freude-am-leben.de/wp-content/uploads/2018/08/Berlin-Juli-2018-100.jpg 1344w, http://gerrit-mit-freude-am-leben.de/wp-content/uploads/2018/08/Berlin-Juli-2018-100-300x169.jpg 300w, http://gerrit-mit-freude-am-leben.de/wp-content/uploads/2018/08/Berlin-Juli-2018-100-768x432.jpg 768w, http://gerrit-mit-freude-am-leben.de/wp-content/uploads/2018/08/Berlin-Juli-2018-100-1024x576.jpg 1024w, http://gerrit-mit-freude-am-leben.de/wp-content/uploads/2018/08/Berlin-Juli-2018-100-748x421.jpg 748w" sizes="auto, (max-width: 1344px) 100vw, 1344px" /><figcaption>Erst leichte Skepsis&#8230;</figcaption></figure></li><li class="blocks-gallery-item"><figure><img loading="lazy" decoding="async" width="816" height="1451" src="http://gerrit-mit-freude-am-leben.de/wp-content/uploads/2018/08/Berlin-Juli-2018-99.jpg" alt="" data-id="142" data-link="http://gerrit-mit-freude-am-leben.de/?attachment_id=142" class="wp-image-142" srcset="http://gerrit-mit-freude-am-leben.de/wp-content/uploads/2018/08/Berlin-Juli-2018-99.jpg 816w, http://gerrit-mit-freude-am-leben.de/wp-content/uploads/2018/08/Berlin-Juli-2018-99-169x300.jpg 169w, http://gerrit-mit-freude-am-leben.de/wp-content/uploads/2018/08/Berlin-Juli-2018-99-768x1366.jpg 768w, http://gerrit-mit-freude-am-leben.de/wp-content/uploads/2018/08/Berlin-Juli-2018-99-576x1024.jpg 576w" sizes="auto, (max-width: 816px) 100vw, 816px" /><figcaption>&#8230; dann sichtbare Freude</figcaption></figure></li><li class="blocks-gallery-item"><figure><img loading="lazy" decoding="async" width="467" height="622" src="http://gerrit-mit-freude-am-leben.de/wp-content/uploads/2018/08/Berlin-Juli-2018-42.jpg" alt="" data-id="85" data-link="http://gerrit-mit-freude-am-leben.de/?attachment_id=85" class="wp-image-85" srcset="http://gerrit-mit-freude-am-leben.de/wp-content/uploads/2018/08/Berlin-Juli-2018-42.jpg 467w, http://gerrit-mit-freude-am-leben.de/wp-content/uploads/2018/08/Berlin-Juli-2018-42-225x300.jpg 225w" sizes="auto, (max-width: 467px) 100vw, 467px" /><figcaption>Daumen hoch für die Spartans</figcaption></figure></li></ul>

<p>Wie jeder Junge interessiert sich Gerrit für Sport, insbesondere für Fußball. Keine EM oder WM, die nicht mit Herzblut verfolgt wird. Dann ist Gerrit mit Begeisterung dabei, vor allem, wenn</p>
