{"id":487,"date":"2018-08-24T07:35:47","date_gmt":"2018-08-24T07:35:47","guid":{"rendered":"http:\/\/gerrit-mit-freude-am-leben.de\/?page_id=487"},"modified":"2018-09-14T12:24:43","modified_gmt":"2018-09-14T12:24:43","slug":"gerrits-familie-2","status":"publish","type":"page","link":"http:\/\/gerrit-mit-freude-am-leben.de\/?page_id=487","title":{"rendered":"Gerrits Familie"},"content":{"rendered":"\n<div class=\"wp-block-image\"><figure class=\"alignleft is-resized\"><img loading=\"lazy\" decoding=\"async\" src=\"http:\/\/gerrit-mit-freude-am-leben.de\/wp-content\/uploads\/2018\/08\/Berlin-Juli-2018-87-1.jpg\" alt=\"\" class=\"wp-image-208\" width=\"251\" height=\"195\" srcset=\"http:\/\/gerrit-mit-freude-am-leben.de\/wp-content\/uploads\/2018\/08\/Berlin-Juli-2018-87-1.jpg 1196w, http:\/\/gerrit-mit-freude-am-leben.de\/wp-content\/uploads\/2018\/08\/Berlin-Juli-2018-87-1-300x234.jpg 300w, http:\/\/gerrit-mit-freude-am-leben.de\/wp-content\/uploads\/2018\/08\/Berlin-Juli-2018-87-1-768x599.jpg 768w, http:\/\/gerrit-mit-freude-am-leben.de\/wp-content\/uploads\/2018\/08\/Berlin-Juli-2018-87-1-1024x799.jpg 1024w\" sizes=\"auto, (max-width: 251px) 100vw, 251px\" \/><figcaption>Gerrit und seine Mama Sybille<\/figcaption><\/figure><\/div>\n\n\n\n<p>Gerrits Familie sind seine Mama Sybille, sein Ersatzpapa Ralf und seine \u00e4ltere Schwester Valeska. Valeska studiert mittlerweile in einer anderen Stadt, kommt aber regelm\u00e4\u00dfig alle zwei Wochen zu Besuch. Wenn Valeska angek\u00fcndigt ist, freut sich Gerrit so sehr, dass er nachts kaum schlafen kann.<\/p>\n\n\n\n<p style=\"color:#ffffff\">&#8211;<\/p>\n\n\n\n<p><\/p>\n\n\n\n<div class=\"wp-block-image\"><figure class=\"alignright is-resized\"><img loading=\"lazy\" decoding=\"async\" src=\"http:\/\/gerrit-mit-freude-am-leben.de\/wp-content\/uploads\/2018\/08\/Berlin-Juli-2018-68-1.jpg\" alt=\"\" class=\"wp-image-206\" width=\"273\" height=\"205\" srcset=\"http:\/\/gerrit-mit-freude-am-leben.de\/wp-content\/uploads\/2018\/08\/Berlin-Juli-2018-68-1.jpg 640w, http:\/\/gerrit-mit-freude-am-leben.de\/wp-content\/uploads\/2018\/08\/Berlin-Juli-2018-68-1-300x225.jpg 300w\" sizes=\"auto, (max-width: 273px) 100vw, 273px\" \/><figcaption>Ein Herz und eine Seele<\/figcaption><\/figure><\/div>\n\n\n\n<p>Sybille und Ralf k\u00fcmmern sich gemeinsam mit dem Pflegeteam jeden Tag um Gerrit. Als Ralf 2006 zur Familie dazu kam, war es zwischen ihm und Gerrit so etwas wie Liebe auf den ersten Blick: Die beiden verstanden sich auf Anhieb und sind bis heute sehr eng mit einander verbunden. Ralf, der selbst f\u00fcnf mittlerweile erwachsene Kinder hat, wei\u00df, was Jungen m\u00f6gen und brauchen und sorgt daf\u00fcr, dass Gerrit alles bekommt, was f\u00fcr ihn im Rahmen seines Gesundheitszustands m\u00f6glich ist.<\/p>\n\n\n\n<p><\/p>\n\n\n\n<p><\/p>\n\n\n\n<div class=\"wp-block-image\"><figure class=\"alignleft is-resized\"><img loading=\"lazy\" decoding=\"async\" src=\"http:\/\/gerrit-mit-freude-am-leben.de\/wp-content\/uploads\/2018\/08\/Berlin-Juli-2018-126.jpg\" alt=\"\" class=\"wp-image-169\" width=\"241\" height=\"241\" srcset=\"http:\/\/gerrit-mit-freude-am-leben.de\/wp-content\/uploads\/2018\/08\/Berlin-Juli-2018-126.jpg 776w, http:\/\/gerrit-mit-freude-am-leben.de\/wp-content\/uploads\/2018\/08\/Berlin-Juli-2018-126-150x150.jpg 150w, http:\/\/gerrit-mit-freude-am-leben.de\/wp-content\/uploads\/2018\/08\/Berlin-Juli-2018-126-300x300.jpg 300w, http:\/\/gerrit-mit-freude-am-leben.de\/wp-content\/uploads\/2018\/08\/Berlin-Juli-2018-126-768x768.jpg 768w\" sizes=\"auto, (max-width: 241px) 100vw, 241px\" \/><figcaption>Das Dream-Team Ralf und Gerrit<\/figcaption><\/figure><\/div>\n\n\n\n<p><strong>Die liebsten Menschen<\/strong><\/p>\n\n\n\n<p>Gerrit vertraut seiner Mutter, seiner Schwester und auch Ralf blind, denn dieser verk\u00f6rpert Sicherheit, Stabilit\u00e4t, Spa\u00df und Lebensqualit\u00e4t. Im Alltag zeigt sich die Verbundenheit der beiden auch dadurch, dass sie sehr oft gleiche T-Shirts und Hemden tragen, im Urlaub auch gleiche Badehosen und Shorts. F\u00fcr Gerrit ist dies wichtig, und der Stapel von Kleidungsst\u00fccken, die beide haben, wird in den Schr\u00e4nken immer gr\u00f6\u00dfer.<\/p>\n\n\n\n<div class=\"wp-block-image\"><figure class=\"alignright is-resized\"><img loading=\"lazy\" decoding=\"async\" src=\"http:\/\/gerrit-mit-freude-am-leben.de\/wp-content\/uploads\/2018\/08\/Berlin-Juli-2018-31-1.jpg\" alt=\"\" class=\"wp-image-202\" width=\"226\" height=\"226\" srcset=\"http:\/\/gerrit-mit-freude-am-leben.de\/wp-content\/uploads\/2018\/08\/Berlin-Juli-2018-31-1.jpg 611w, http:\/\/gerrit-mit-freude-am-leben.de\/wp-content\/uploads\/2018\/08\/Berlin-Juli-2018-31-1-150x150.jpg 150w, http:\/\/gerrit-mit-freude-am-leben.de\/wp-content\/uploads\/2018\/08\/Berlin-Juli-2018-31-1-300x300.jpg 300w\" sizes=\"auto, (max-width: 226px) 100vw, 226px\" \/><figcaption>Ralf, Pflegerin Isi und ein Freund<br\/><br\/><\/figcaption><\/figure><\/div>\n\n\n\n<p><\/p>\n\n\n\n<p>Seit f\u00fcnf Jahren ist mit Alexandra eine weitere liebevolle Bezugsperson f\u00fcr Gerrit hinzugekommen, sie ist wie eine Schwester f\u00fcr ihn. Alexandra geh\u00f6rt auch zur Familie, sie hat eine Ausbildung zur Krankenschwester absolviert. Fast zur Familie geh\u00f6ren zudem Florian und Isi, beide sind ausgebildete Pflegekr\u00e4fte und begleiten und bereichern Gerrits Leben nun schon seit vielen Jahren Tag f\u00fcr Tag.<\/p>\n","protected":false},"excerpt":{"rendered":"<p>Gerrits Familie sind seine Mama Sybille, sein Ersatzpapa Ralf und seine \u00e4ltere Schwester Valeska. Valeska studiert mittlerweile in einer anderen Stadt, kommt aber regelm\u00e4\u00dfig alle zwei Wochen zu Besuch. Wenn<\/p>\n","protected":false},"author":1,"featured_media":0,"parent":0,"menu_order":0,"comment_status":"closed","ping_status":"closed","template":"","meta":{"footnotes":""},"class_list":["post-487","page","type-page","status-publish","hentry"],"_links":{"self":[{"href":"http:\/\/gerrit-mit-freude-am-leben.de\/index.php?rest_route=\/wp\/v2\/pages\/487","targetHints":{"allow":["GET"]}}],"collection":[{"href":"http:\/\/gerrit-mit-freude-am-leben.de\/index.php?rest_route=\/wp\/v2\/pages"}],"about":[{"href":"http:\/\/gerrit-mit-freude-am-leben.de\/index.php?rest_route=\/wp\/v2\/types\/page"}],"author":[{"embeddable":true,"href":"http:\/\/gerrit-mit-freude-am-leben.de\/index.php?rest_route=\/wp\/v2\/users\/1"}],"replies":[{"embeddable":true,"href":"http:\/\/gerrit-mit-freude-am-leben.de\/index.php?rest_route=%2Fwp%2Fv2%2Fcomments&post=487"}],"version-history":[{"count":16,"href":"http:\/\/gerrit-mit-freude-am-leben.de\/index.php?rest_route=\/wp\/v2\/pages\/487\/revisions"}],"predecessor-version":[{"id":982,"href":"http:\/\/gerrit-mit-freude-am-leben.de\/index.php?rest_route=\/wp\/v2\/pages\/487\/revisions\/982"}],"wp:attachment":[{"href":"http:\/\/gerrit-mit-freude-am-leben.de\/index.php?rest_route=%2Fwp%2Fv2%2Fmedia&parent=487"}],"curies":[{"name":"wp","href":"https:\/\/api.w.org\/{rel}","templated":true}]}}

<div class="wp-block-image"><figure class="alignleft is-resized"><img loading="lazy" decoding="async" src="http://gerrit-mit-freude-am-leben.de/wp-content/uploads/2018/08/Berlin-Juli-2018-87-1.jpg" alt="" class="wp-image-208" width="251" height="195" srcset="http://gerrit-mit-freude-am-leben.de/wp-content/uploads/2018/08/Berlin-Juli-2018-87-1.jpg 1196w, http://gerrit-mit-freude-am-leben.de/wp-content/uploads/2018/08/Berlin-Juli-2018-87-1-300x234.jpg 300w, http://gerrit-mit-freude-am-leben.de/wp-content/uploads/2018/08/Berlin-Juli-2018-87-1-768x599.jpg 768w, http://gerrit-mit-freude-am-leben.de/wp-content/uploads/2018/08/Berlin-Juli-2018-87-1-1024x799.jpg 1024w" sizes="auto, (max-width: 251px) 100vw, 251px" /><figcaption>Gerrit und seine Mama Sybille</figcaption></figure></div>



<p>Gerrits Familie sind seine Mama Sybille, sein Ersatzpapa Ralf und seine ältere Schwester Valeska. Valeska studiert mittlerweile in einer anderen Stadt, kommt aber regelmäßig alle zwei Wochen zu Besuch. Wenn Valeska angekündigt ist, freut sich Gerrit so sehr, dass er nachts kaum schlafen kann.</p>



<p style="color:#ffffff">&#8211;</p>



<p></p>



<div class="wp-block-image"><figure class="alignright is-resized"><img loading="lazy" decoding="async" src="http://gerrit-mit-freude-am-leben.de/wp-content/uploads/2018/08/Berlin-Juli-2018-68-1.jpg" alt="" class="wp-image-206" width="273" height="205" srcset="http://gerrit-mit-freude-am-leben.de/wp-content/uploads/2018/08/Berlin-Juli-2018-68-1.jpg 640w, http://gerrit-mit-freude-am-leben.de/wp-content/uploads/2018/08/Berlin-Juli-2018-68-1-300x225.jpg 300w" sizes="auto, (max-width: 273px) 100vw, 273px" /><figcaption>Ein Herz und eine Seele</figcaption></figure></div>



<p>Sybille und Ralf kümmern sich gemeinsam mit dem Pflegeteam jeden Tag um Gerrit. Als Ralf 2006 zur Familie dazu kam, war es zwischen ihm und Gerrit so etwas wie Liebe auf den ersten Blick: Die beiden verstanden sich auf Anhieb und sind bis heute sehr eng mit einander verbunden. Ralf, der selbst fünf mittlerweile erwachsene Kinder hat, weiß, was Jungen mögen und brauchen und sorgt dafür, dass Gerrit alles bekommt, was für ihn im Rahmen seines Gesundheitszustands möglich ist.</p>



<p></p>



<p></p>



<div class="wp-block-image"><figure class="alignleft is-resized"><img loading="lazy" decoding="async" src="http://gerrit-mit-freude-am-leben.de/wp-content/uploads/2018/08/Berlin-Juli-2018-126.jpg" alt="" class="wp-image-169" width="241" height="241" srcset="http://gerrit-mit-freude-am-leben.de/wp-content/uploads/2018/08/Berlin-Juli-2018-126.jpg 776w, http://gerrit-mit-freude-am-leben.de/wp-content/uploads/2018/08/Berlin-Juli-2018-126-150x150.jpg 150w, http://gerrit-mit-freude-am-leben.de/wp-content/uploads/2018/08/Berlin-Juli-2018-126-300x300.jpg 300w, http://gerrit-mit-freude-am-leben.de/wp-content/uploads/2018/08/Berlin-Juli-2018-126-768x768.jpg 768w" sizes="auto, (max-width: 241px) 100vw, 241px" /><figcaption>Das Dream-Team Ralf und Gerrit</figcaption></figure></div>



<p><strong>Die liebsten Menschen</strong></p>



<p>Gerrit vertraut seiner Mutter, seiner Schwester und auch Ralf blind, denn dieser verkörpert Sicherheit, Stabilität, Spaß und Lebensqualität. Im Alltag zeigt sich die Verbundenheit der beiden auch dadurch, dass sie sehr oft gleiche T-Shirts und Hemden tragen, im Urlaub auch gleiche Badehosen und Shorts. Für Gerrit ist dies wichtig, und der Stapel von Kleidungsstücken, die beide haben, wird in den Schränken immer größer.</p>



<div class="wp-block-image"><figure class="alignright is-resized"><img loading="lazy" decoding="async" src="http://gerrit-mit-freude-am-leben.de/wp-content/uploads/2018/08/Berlin-Juli-2018-31-1.jpg" alt="" class="wp-image-202" width="226" height="226" srcset="http://gerrit-mit-freude-am-leben.de/wp-content/uploads/2018/08/Berlin-Juli-2018-31-1.jpg 611w, http://gerrit-mit-freude-am-leben.de/wp-content/uploads/2018/08/Berlin-Juli-2018-31-1-150x150.jpg 150w, http://gerrit-mit-freude-am-leben.de/wp-content/uploads/2018/08/Berlin-Juli-2018-31-1-300x300.jpg 300w" sizes="auto, (max-width: 226px) 100vw, 226px" /><figcaption>Ralf, Pflegerin Isi und ein Freund<br/><br/></figcaption></figure></div>



<p></p>



<p>Seit fünf Jahren ist mit Alexandra eine weitere liebevolle Bezugsperson für Gerrit hinzugekommen, sie ist wie eine Schwester für ihn. Alexandra gehört auch zur Familie, sie hat eine Ausbildung zur Krankenschwester absolviert. Fast zur Familie gehören zudem Florian und Isi, beide sind ausgebildete Pflegekräfte und begleiten und bereichern Gerrits Leben nun schon seit vielen Jahren Tag für Tag.</p>

<p>Gerrits Familie sind seine Mama Sybille, sein Ersatzpapa Ralf und seine ältere Schwester Valeska. Valeska studiert mittlerweile in einer anderen Stadt, kommt aber regelmäßig alle zwei Wochen zu Besuch. Wenn</p>
