{"id":229,"date":"2018-08-05T08:23:50","date_gmt":"2018-08-05T08:23:50","guid":{"rendered":"http:\/\/gerrit-mit-freude-am-leben.de\/?page_id=229"},"modified":"2018-09-16T09:00:27","modified_gmt":"2018-09-16T09:00:27","slug":"was-erwartet-dich-in-gerrits-team","status":"publish","type":"page","link":"http:\/\/gerrit-mit-freude-am-leben.de\/?page_id=229","title":{"rendered":"Stellenausschreibung"},"content":{"rendered":"\n<p><strong>Wir suchen dich!<\/strong><\/p>\n\n\n\n<p>Zur Verst\u00e4rkung unseres Teams suchen wir ab sofort eine Pflegefachkraft (m\/w), die sich um Gerrit k\u00fcmmert. Gerrit ist 21 Jahre alt und seit seinem vierten Lebensjahr vom zweiten Halswirbel abw\u00e4rts querschnittsgel\u00e4hmt. Er lebt mit uns, seiner Familie, im schw\u00e4bischen Achstetten, ist aber auch viel unterwegs: Wir verbringen viel Zeit im Ferienhaus im Baden-W\u00fcrttembergerischen Erbach, in der Toscana und auf Mauritus. Zudem gibt es h\u00e4ufig Ausfl\u00fcge, Konzertbesuche oder sonstige Events. Wir leben in einem offenen Haus und bei uns ist immer etwas los &#8211; aber all das geht nur mit der Hilfe kompetenter Pflegekr\u00e4fte.<\/p>\n\n\n\n<p>Wenn du Gerrit gern zuhause betreust, oder auch gern mit uns unterwegs bist, freuen wir uns sehr darauf, dich kennenzulernen.<\/p>\n\n\n\n<p><strong>Wir bieten:<\/strong><\/p>\n\n\n\n<p>&#8211; Eine unbefristete Stelle<\/p>\n\n\n\n<div class=\"wp-block-image\"><figure class=\"alignright is-resized\"><img loading=\"lazy\" decoding=\"async\" src=\"http:\/\/gerrit-mit-freude-am-leben.de\/wp-content\/uploads\/2018\/08\/1463557252.jpg\" alt=\"\" class=\"wp-image-220\" width=\"272\" height=\"116\" srcset=\"http:\/\/gerrit-mit-freude-am-leben.de\/wp-content\/uploads\/2018\/08\/1463557252.jpg 751w, http:\/\/gerrit-mit-freude-am-leben.de\/wp-content\/uploads\/2018\/08\/1463557252-300x128.jpg 300w, http:\/\/gerrit-mit-freude-am-leben.de\/wp-content\/uploads\/2018\/08\/1463557252-748x321.jpg 748w\" sizes=\"auto, (max-width: 272px) 100vw, 272px\" \/><figcaption>Hand in Hand geht alles besser<\/figcaption><\/figure><\/div>\n\n\n\n<p>&#8211; Zeitliche Flexibilit\u00e4t<\/p>\n\n\n\n<p>&#8211; Einen sicheren Arbeitsplatz<\/p>\n\n\n\n<p>&#8211; Ein pers\u00f6nliches Arbeitsumfeld<\/p>\n\n\n\n<p>&#8211; Ein kleines, kollegiales Team<\/p>\n\n\n\n<p>&#8211; Bessere Verg\u00fctung als \u00fcblich<\/p>\n\n\n\n<p>&#8211; Eine umfassende und geduldige Einarbeitung<\/p>\n\n\n\n<p>&#8211; Erfahrene Kollegen als feste Ansprechpartner<\/p>\n\n\n\n<div class=\"wp-block-image\"><figure class=\"alignright is-resized\"><img loading=\"lazy\" decoding=\"async\" src=\"http:\/\/gerrit-mit-freude-am-leben.de\/wp-content\/uploads\/2018\/08\/Berlin-Juli-2018-75.jpg\" alt=\"\" class=\"wp-image-118\" width=\"188\" height=\"251\" srcset=\"http:\/\/gerrit-mit-freude-am-leben.de\/wp-content\/uploads\/2018\/08\/Berlin-Juli-2018-75.jpg 480w, http:\/\/gerrit-mit-freude-am-leben.de\/wp-content\/uploads\/2018\/08\/Berlin-Juli-2018-75-225x300.jpg 225w\" sizes=\"auto, (max-width: 188px) 100vw, 188px\" \/><figcaption>Mit Freude am Leben<\/figcaption><\/figure><\/div>\n\n\n\n<p>&#8211; Unterst\u00fctzung bei der Wohnungssuche<\/p>\n\n\n\n<p><strong>Wir w\u00fcnschen uns:<\/strong><\/p>\n\n\n\n<p>&#8211; Pflegerische Kompetenz<\/p>\n\n\n\n<p>&#8211; Vorsicht, Umsicht und Freunde im Umgang mit Gerrit<\/p>\n\n\n\n<p>&#8211; ein freundliches, offenes Wesen<\/p>\n\n\n\n<p>&#8211; Flexibilit\u00e4t und Engagement<\/p>\n\n\n\n<p>&#8211; Einen freundlichen, aufgeschlossenen Menschen, der Spa\u00df hat an der Pflege<\/p>\n\n\n\n<p>Menschen, der Spa\u00df hat an der Pflege<\/p>\n\n\n\n<p style=\"font-size:17px\"><strong>F\u00fchlst du dich angesprochen? Hast du noch Fragen? Dann nutze unser Kontaktformular oder sende d sende uns deine vollst\u00e4ndigen Bewerbungsunterlagen (gerne auch als E-Mail) an:\u00a0 bewerbung@gerrit-mit-freude-am-leben.de<\/strong><\/p>\n\n\n\n<p style=\"font-size:23px\">\n<div class=\"wpcf7 no-js\" id=\"wpcf7-f963-o1\" lang=\"de-DE\" dir=\"ltr\" data-wpcf7-id=\"963\">\n<div class=\"screen-reader-response\"><p role=\"status\" aria-live=\"polite\" aria-atomic=\"true\"><\/p> <ul><\/ul><\/div>\n<form action=\"\/index.php?rest_route=%2Fwp%2Fv2%2Fpages%2F229#wpcf7-f963-o1\" method=\"post\" class=\"wpcf7-form init\" aria-label=\"Kontaktformular\" novalidate=\"novalidate\" data-status=\"init\">\n<fieldset class=\"hidden-fields-container\"><input type=\"hidden\" name=\"_wpcf7\" value=\"963\" \/><input type=\"hidden\" name=\"_wpcf7_version\" value=\"6.1.5\" \/><input type=\"hidden\" name=\"_wpcf7_locale\" value=\"de_DE\" \/><input type=\"hidden\" name=\"_wpcf7_unit_tag\" value=\"wpcf7-f963-o1\" \/><input type=\"hidden\" name=\"_wpcf7_container_post\" value=\"0\" \/><input type=\"hidden\" name=\"_wpcf7_posted_data_hash\" value=\"\" \/>\n<\/fieldset>\n<p><label> Dein Name (Pflichtfeld)<br \/>\n<span class=\"wpcf7-form-control-wrap\" data-name=\"your-name\"><input size=\"40\" maxlength=\"400\" class=\"wpcf7-form-control wpcf7-text wpcf7-validates-as-required\" aria-required=\"true\" aria-invalid=\"false\" value=\"\" type=\"text\" name=\"your-name\" \/><\/span> <\/label>\n<\/p>\n<p><label> Deine E-Mail-Adresse (Pflichtfeld)<br \/>\n<span class=\"wpcf7-form-control-wrap\" data-name=\"your-email\"><input size=\"40\" maxlength=\"400\" class=\"wpcf7-form-control wpcf7-email wpcf7-validates-as-required wpcf7-text wpcf7-validates-as-email\" aria-required=\"true\" aria-invalid=\"false\" value=\"\" type=\"email\" name=\"your-email\" \/><\/span> <\/label>\n<\/p>\n<p><label> Betreff<br \/>\n<span class=\"wpcf7-form-control-wrap\" data-name=\"your-subject\"><input size=\"40\" maxlength=\"400\" class=\"wpcf7-form-control wpcf7-text\" aria-invalid=\"false\" value=\"\" type=\"text\" name=\"your-subject\" \/><\/span> <\/label>\n<\/p>\n<p><label> Deine Nachricht<br \/>\n<span class=\"wpcf7-form-control-wrap\" data-name=\"your-message\"><textarea cols=\"40\" rows=\"10\" maxlength=\"2000\" class=\"wpcf7-form-control wpcf7-textarea\" aria-invalid=\"false\" name=\"your-message\"><\/textarea><\/span> <\/label>\n<\/p>\n<p><input class=\"wpcf7-form-control wpcf7-submit has-spinner\" type=\"submit\" value=\"Senden\" \/>\n<\/p><p style=\"display: none !important;\" class=\"akismet-fields-container\" data-prefix=\"_wpcf7_ak_\"><label>&#916;<textarea name=\"_wpcf7_ak_hp_textarea\" cols=\"45\" rows=\"8\" maxlength=\"100\"><\/textarea><\/label><input type=\"hidden\" id=\"ak_js_1\" name=\"_wpcf7_ak_js\" value=\"85\"\/><script type=\"text\/javascript\">\n\/* <![CDATA[ *\/\ndocument.getElementById( \"ak_js_1\" ).setAttribute( \"value\", ( new Date() ).getTime() );\n\/* ]]> *\/\n<\/script>\n<\/p><div class=\"wpcf7-response-output\" aria-hidden=\"true\"><\/div>\n<\/form>\n<\/div>\n<br\/><\/p>\n","protected":false},"excerpt":{"rendered":"<p>Wir suchen dich! Zur Verst\u00e4rkung unseres Teams suchen wir ab sofort eine Pflegefachkraft (m\/w), die sich um Gerrit k\u00fcmmert. Gerrit ist 21 Jahre alt und seit seinem vierten Lebensjahr vom<\/p>\n","protected":false},"author":1,"featured_media":0,"parent":0,"menu_order":0,"comment_status":"closed","ping_status":"closed","template":"","meta":{"footnotes":""},"class_list":["post-229","page","type-page","status-publish","hentry"],"_links":{"self":[{"href":"http:\/\/gerrit-mit-freude-am-leben.de\/index.php?rest_route=\/wp\/v2\/pages\/229","targetHints":{"allow":["GET"]}}],"collection":[{"href":"http:\/\/gerrit-mit-freude-am-leben.de\/index.php?rest_route=\/wp\/v2\/pages"}],"about":[{"href":"http:\/\/gerrit-mit-freude-am-leben.de\/index.php?rest_route=\/wp\/v2\/types\/page"}],"author":[{"embeddable":true,"href":"http:\/\/gerrit-mit-freude-am-leben.de\/index.php?rest_route=\/wp\/v2\/users\/1"}],"replies":[{"embeddable":true,"href":"http:\/\/gerrit-mit-freude-am-leben.de\/index.php?rest_route=%2Fwp%2Fv2%2Fcomments&post=229"}],"version-history":[{"count":28,"href":"http:\/\/gerrit-mit-freude-am-leben.de\/index.php?rest_route=\/wp\/v2\/pages\/229\/revisions"}],"predecessor-version":[{"id":990,"href":"http:\/\/gerrit-mit-freude-am-leben.de\/index.php?rest_route=\/wp\/v2\/pages\/229\/revisions\/990"}],"wp:attachment":[{"href":"http:\/\/gerrit-mit-freude-am-leben.de\/index.php?rest_route=%2Fwp%2Fv2%2Fmedia&parent=229"}],"curies":[{"name":"wp","href":"https:\/\/api.w.org\/{rel}","templated":true}]}}

<p><strong>Wir suchen dich!</strong></p>



<p>Zur Verstärkung unseres Teams suchen wir ab sofort eine Pflegefachkraft (m/w), die sich um Gerrit kümmert. Gerrit ist 21 Jahre alt und seit seinem vierten Lebensjahr vom zweiten Halswirbel abwärts querschnittsgelähmt. Er lebt mit uns, seiner Familie, im schwäbischen Achstetten, ist aber auch viel unterwegs: Wir verbringen viel Zeit im Ferienhaus im Baden-Württembergerischen Erbach, in der Toscana und auf Mauritus. Zudem gibt es häufig Ausflüge, Konzertbesuche oder sonstige Events. Wir leben in einem offenen Haus und bei uns ist immer etwas los &#8211; aber all das geht nur mit der Hilfe kompetenter Pflegekräfte.</p>



<p>Wenn du Gerrit gern zuhause betreust, oder auch gern mit uns unterwegs bist, freuen wir uns sehr darauf, dich kennenzulernen.</p>



<p><strong>Wir bieten:</strong></p>



<p>&#8211; Eine unbefristete Stelle</p>



<div class="wp-block-image"><figure class="alignright is-resized"><img loading="lazy" decoding="async" src="http://gerrit-mit-freude-am-leben.de/wp-content/uploads/2018/08/1463557252.jpg" alt="" class="wp-image-220" width="272" height="116" srcset="http://gerrit-mit-freude-am-leben.de/wp-content/uploads/2018/08/1463557252.jpg 751w, http://gerrit-mit-freude-am-leben.de/wp-content/uploads/2018/08/1463557252-300x128.jpg 300w, http://gerrit-mit-freude-am-leben.de/wp-content/uploads/2018/08/1463557252-748x321.jpg 748w" sizes="auto, (max-width: 272px) 100vw, 272px" /><figcaption>Hand in Hand geht alles besser</figcaption></figure></div>



<p>&#8211; Zeitliche Flexibilität</p>



<p>&#8211; Einen sicheren Arbeitsplatz</p>



<p>&#8211; Ein persönliches Arbeitsumfeld</p>



<p>&#8211; Ein kleines, kollegiales Team</p>



<p>&#8211; Bessere Vergütung als üblich</p>



<p>&#8211; Eine umfassende und geduldige Einarbeitung</p>



<p>&#8211; Erfahrene Kollegen als feste Ansprechpartner</p>



<div class="wp-block-image"><figure class="alignright is-resized"><img loading="lazy" decoding="async" src="http://gerrit-mit-freude-am-leben.de/wp-content/uploads/2018/08/Berlin-Juli-2018-75.jpg" alt="" class="wp-image-118" width="188" height="251" srcset="http://gerrit-mit-freude-am-leben.de/wp-content/uploads/2018/08/Berlin-Juli-2018-75.jpg 480w, http://gerrit-mit-freude-am-leben.de/wp-content/uploads/2018/08/Berlin-Juli-2018-75-225x300.jpg 225w" sizes="auto, (max-width: 188px) 100vw, 188px" /><figcaption>Mit Freude am Leben</figcaption></figure></div>



<p>&#8211; Unterstützung bei der Wohnungssuche</p>



<p><strong>Wir wünschen uns:</strong></p>



<p>&#8211; Pflegerische Kompetenz</p>



<p>&#8211; Vorsicht, Umsicht und Freunde im Umgang mit Gerrit</p>



<p>&#8211; ein freundliches, offenes Wesen</p>



<p>&#8211; Flexibilität und Engagement</p>



<p>&#8211; Einen freundlichen, aufgeschlossenen Menschen, der Spaß hat an der Pflege</p>



<p>Menschen, der Spaß hat an der Pflege</p>



<p style="font-size:17px"><strong>Fühlst du dich angesprochen? Hast du noch Fragen? Dann nutze unser Kontaktformular oder sende d sende uns deine vollständigen Bewerbungsunterlagen (gerne auch als E-Mail) an:  bewerbung@gerrit-mit-freude-am-leben.de</strong></p>



<p style="font-size:23px">
<div class="wpcf7 no-js" id="wpcf7-f963-o1" lang="de-DE" dir="ltr" data-wpcf7-id="963">
<div class="screen-reader-response"><p role="status" aria-live="polite" aria-atomic="true"></p> <ul></ul></div>
<form action="/index.php?rest_route=%2Fwp%2Fv2%2Fpages%2F229#wpcf7-f963-o1" method="post" class="wpcf7-form init" aria-label="Kontaktformular" novalidate="novalidate" data-status="init">
<fieldset class="hidden-fields-container"><input type="hidden" name="_wpcf7" value="963" /><input type="hidden" name="_wpcf7_version" value="6.1.5" /><input type="hidden" name="_wpcf7_locale" value="de_DE" /><input type="hidden" name="_wpcf7_unit_tag" value="wpcf7-f963-o1" /><input type="hidden" name="_wpcf7_container_post" value="0" /><input type="hidden" name="_wpcf7_posted_data_hash" value="" />
</fieldset>
<p><label> Dein Name (Pflichtfeld)<br />
<span class="wpcf7-form-control-wrap" data-name="your-name"><input size="40" maxlength="400" class="wpcf7-form-control wpcf7-text wpcf7-validates-as-required" aria-required="true" aria-invalid="false" value="" type="text" name="your-name" /></span> </label>
</p>
<p><label> Deine E-Mail-Adresse (Pflichtfeld)<br />
<span class="wpcf7-form-control-wrap" data-name="your-email"><input size="40" maxlength="400" class="wpcf7-form-control wpcf7-email wpcf7-validates-as-required wpcf7-text wpcf7-validates-as-email" aria-required="true" aria-invalid="false" value="" type="email" name="your-email" /></span> </label>
</p>
<p><label> Betreff<br />
<span class="wpcf7-form-control-wrap" data-name="your-subject"><input size="40" maxlength="400" class="wpcf7-form-control wpcf7-text" aria-invalid="false" value="" type="text" name="your-subject" /></span> </label>
</p>
<p><label> Deine Nachricht<br />
<span class="wpcf7-form-control-wrap" data-name="your-message"><textarea cols="40" rows="10" maxlength="2000" class="wpcf7-form-control wpcf7-textarea" aria-invalid="false" name="your-message"></textarea></span> </label>
</p>
<p><input class="wpcf7-form-control wpcf7-submit has-spinner" type="submit" value="Senden" />
</p><p style="display: none !important;" class="akismet-fields-container" data-prefix="_wpcf7_ak_"><label>&#916;<textarea name="_wpcf7_ak_hp_textarea" cols="45" rows="8" maxlength="100"></textarea></label><input type="hidden" id="ak_js_1" name="_wpcf7_ak_js" value="85"/><script type="text/javascript">
/* <![CDATA[ */
document.getElementById( "ak_js_1" ).setAttribute( "value", ( new Date() ).getTime() );
/* ]]> */
</script>
</p><div class="wpcf7-response-output" aria-hidden="true"></div>
</form>
</div>
<br/></p>

<p>Wir suchen dich! Zur Verstärkung unseres Teams suchen wir ab sofort eine Pflegefachkraft (m/w), die sich um Gerrit kümmert. Gerrit ist 21 Jahre alt und seit seinem vierten Lebensjahr vom</p>
