{"id":226,"date":"2018-08-04T08:30:23","date_gmt":"2018-08-04T08:30:23","guid":{"rendered":"http:\/\/gerrit-mit-freude-am-leben.de\/?page_id=226"},"modified":"2018-09-18T07:39:29","modified_gmt":"2018-09-18T07:39:29","slug":"was-ich-in-gerrits-team-erlebe","status":"publish","type":"page","link":"http:\/\/gerrit-mit-freude-am-leben.de\/?page_id=226","title":{"rendered":"Was dich erwartet"},"content":{"rendered":"\n<p><\/p>\n\n\n\n<div class=\"wp-block-image\"><figure class=\"alignleft is-resized\"><img loading=\"lazy\" decoding=\"async\" src=\"http:\/\/gerrit-mit-freude-am-leben.de\/wp-content\/uploads\/2018\/09\/20180904-750_2866-Portraitfotos-mit-Anzug-2018.jpg\" alt=\"\" class=\"wp-image-1093\" width=\"304\" height=\"203\" srcset=\"http:\/\/gerrit-mit-freude-am-leben.de\/wp-content\/uploads\/2018\/09\/20180904-750_2866-Portraitfotos-mit-Anzug-2018.jpg 1000w, http:\/\/gerrit-mit-freude-am-leben.de\/wp-content\/uploads\/2018\/09\/20180904-750_2866-Portraitfotos-mit-Anzug-2018-300x200.jpg 300w, http:\/\/gerrit-mit-freude-am-leben.de\/wp-content\/uploads\/2018\/09\/20180904-750_2866-Portraitfotos-mit-Anzug-2018-768x513.jpg 768w, http:\/\/gerrit-mit-freude-am-leben.de\/wp-content\/uploads\/2018\/09\/20180904-750_2866-Portraitfotos-mit-Anzug-2018-640x425.jpg 640w\" sizes=\"auto, (max-width: 304px) 100vw, 304px\" \/><figcaption>Das besondere E-Bike<\/figcaption><\/figure><\/div>\n\n\n\n<p>In Gerrits Team erwartet dich jeden Tag ein spannender und abwechslungsreicher Alltag mit der besten Ausstattung, die man sich als Pfleger oder Pflegerin w\u00fcnschen kann. Gerrits Wohnr\u00e4ume sind ausgestattet mit allem, was die Pflege erleichtert, zum Beispiel Deckenlifter oder h\u00f6henverstellbare Betten, es ist alles vorhanden. Auch elektrische Hilfen wie besondere Rollst\u00fchle oder, Fahrr\u00e4der in jeder Form sind da.<\/p>\n\n\n\n<p><\/p>\n\n\n\n<div class=\"wp-block-image\"><figure class=\"alignright is-resized\"><img loading=\"lazy\" decoding=\"async\" src=\"http:\/\/gerrit-mit-freude-am-leben.de\/wp-content\/uploads\/2018\/08\/Berlin-Juli-2018-64.jpg\" alt=\"\" class=\"wp-image-107\" width=\"280\" height=\"373\" srcset=\"http:\/\/gerrit-mit-freude-am-leben.de\/wp-content\/uploads\/2018\/08\/Berlin-Juli-2018-64.jpg 398w, http:\/\/gerrit-mit-freude-am-leben.de\/wp-content\/uploads\/2018\/08\/Berlin-Juli-2018-64-225x300.jpg 225w\" sizes=\"auto, (max-width: 280px) 100vw, 280px\" \/><figcaption>Start mit einem leckeren Fr\u00fchst\u00fcck<\/figcaption><\/figure><\/div>\n\n\n\n<p>Was nicht da ist, aber ben\u00f6tigt wird, wird organisiert. Dies geschieht in Abstimmung mit dem Pflegeteam, denn je besser es pflegen kann, umso besser ist es f\u00fcr alle Beteiligten und auch f\u00fcr Gerrit selbst. Wie gro\u00df das beteiligte Pflegeteam ist, variiert immer ein wenig, je nachdem, ob mehr Teilzeit- oder mehr Vollzeitkr\u00e4fte dabei sind. Derzeit besteht das Team aus neun Menschen, es wird aber dringend mehr Hilfe ben\u00f6tigt.<\/p>\n\n\n\n<p><strong>Nach dem Fr\u00fchst\u00fcck geht es los<\/strong><\/p>\n\n\n\n<p>Einen festen Tagesablauf f\u00fcr Gerrit gibt es nicht, dieser wird bestimmt durch die Situation. Normalerweise wird er zwischen sieben und acht Uhr wach, dann wird er gewaschen und es wird geschaut, ob seine Beatmungssituation gut ist, was in letzter Zeit leider \u00f6fter nicht der Fall ist. Wenn er aber gut beieinander und morgens relativ schnell fertig und frisch ist, wird \u00fcberlegt, was unternommen wird. Dann werden die Z\u00e4hne geputzt, und es geht los, zum Beispiel mit einer Fahrradtour, f\u00fcr die es f\u00fcr Gerrit einen besonderes E-Bike gibt.<\/p>\n\n\n\n<p><\/p>\n\n\n\n<div class=\"wp-block-image\"><figure class=\"alignleft is-resized\"><img loading=\"lazy\" decoding=\"async\" src=\"http:\/\/gerrit-mit-freude-am-leben.de\/wp-content\/uploads\/2018\/08\/Berlin-Juli-2018-95.jpg\" alt=\"\" class=\"wp-image-138\" width=\"194\" height=\"259\" srcset=\"http:\/\/gerrit-mit-freude-am-leben.de\/wp-content\/uploads\/2018\/08\/Berlin-Juli-2018-95.jpg 480w, http:\/\/gerrit-mit-freude-am-leben.de\/wp-content\/uploads\/2018\/08\/Berlin-Juli-2018-95-225x300.jpg 225w\" sizes=\"auto, (max-width: 194px) 100vw, 194px\" \/><figcaption>Gerrit mi Pfleger Florian<\/figcaption><\/figure><\/div>\n\n\n\n<p>Meistens beginnt der Tag jedoch zun\u00e4chst mit einem gemeinsamen Fr\u00fchst\u00fcck, entweder zuhause oder unterwegs. Zuhause, das ist die schw\u00e4bische Heimat in Achstetten, h\u00e4ufig verbringen Gerrit und seine Familie aber auch Tage im Ferienh\u00e4uschen in Erbach am Baggersee. Dort mag der Junge es sehr, direkt am Wasser auf dem Steg zu fr\u00fchst\u00fccken. Essen kann Gerrit ganz normal, allerdings tr\u00e4gt er einen Dauerkatheter und eine Magensonde, \u00fcber die er zus\u00e4tzlich Fl\u00fcssigkeit bekommt.<\/p>\n\n\n\n<p><\/p>\n\n\n\n<p><strong><\/strong><\/p>\n\n\n\n<p><strong><\/strong><\/p>\n\n\n\n<p><strong><\/strong><\/p>\n\n\n\n<p><strong><\/strong><\/p>\n\n\n\n<p><strong>Alle R\u00e4ume voll ausgestattet<\/strong><\/p>\n\n\n\n<p>Wenn nichts unternommen werden kann, weil es Gerrit nicht gut geht, bleiben alle zuhause. Gerrit verbringt den Tag dann meist im Bett oder mit ruhigeren Aktivit\u00e4ten wie Musik h\u00f6ren oder einen Film schauen. Der Abend klingt in der Regel sp\u00e4testens um neun Uhr aus, denn vor dem Schlafengehen gibt es eine ausgedehnte Pflege. Am Morgen bekommt Gerrit manchmal nur eine Katzenw\u00e4sche, abends aber wird er gr\u00fcndlich gewaschen und eingecremt.<\/p>\n\n\n\n<div class=\"wp-block-image\"><figure class=\"alignright\"><img loading=\"lazy\" decoding=\"async\" width=\"1000\" height=\"668\" src=\"http:\/\/gerrit-mit-freude-am-leben.de\/wp-content\/uploads\/2018\/09\/20180904-750_2739-Portraitfotos-mit-Anzug-2018.jpg\" alt=\"\" class=\"wp-image-1110\" srcset=\"http:\/\/gerrit-mit-freude-am-leben.de\/wp-content\/uploads\/2018\/09\/20180904-750_2739-Portraitfotos-mit-Anzug-2018.jpg 1000w, http:\/\/gerrit-mit-freude-am-leben.de\/wp-content\/uploads\/2018\/09\/20180904-750_2739-Portraitfotos-mit-Anzug-2018-300x200.jpg 300w, http:\/\/gerrit-mit-freude-am-leben.de\/wp-content\/uploads\/2018\/09\/20180904-750_2739-Portraitfotos-mit-Anzug-2018-768x513.jpg 768w\" sizes=\"auto, (max-width: 1000px) 100vw, 1000px\" \/><\/figure><\/div>\n\n\n\n<p><\/p>\n\n\n\n<p>Die H\u00e4user in Erbach und Achstetten sind ganz auf die Bed\u00fcrfnisse von Gerrit angepasst und die Zimmer bilden einen eigenen Trakt. Es sind praktisch zwei Haush\u00e4lften, so dass es eine r\u00e4umliche Trennung zu den Eltern gibt. Gerrits R\u00e4ume sind f\u00fcr die Pflege und die \u00dcberwachung in der Nacht voll ausgestattet. In Achstetten gibt es auch einen eigenen Raum f\u00fcr das Pflegeteam mit \u00dcberwachungssystem-Monitor, so dass Gerrit immer sicher unter Beobachtung ist.<\/p>\n\n\n\n<p><strong>Komm und werde Teil des Teams<\/strong><\/p>\n\n\n\n<div class=\"wp-block-image\"><figure class=\"aligncenter is-resized\"><img loading=\"lazy\" decoding=\"async\" src=\"http:\/\/gerrit-mit-freude-am-leben.de\/wp-content\/uploads\/2018\/09\/20180904-750_2847-Portraitfotos-mit-Anzug-2018-1.jpg\" alt=\"\" class=\"wp-image-1143\" width=\"502\" height=\"335\" srcset=\"http:\/\/gerrit-mit-freude-am-leben.de\/wp-content\/uploads\/2018\/09\/20180904-750_2847-Portraitfotos-mit-Anzug-2018-1.jpg 1000w, http:\/\/gerrit-mit-freude-am-leben.de\/wp-content\/uploads\/2018\/09\/20180904-750_2847-Portraitfotos-mit-Anzug-2018-1-300x200.jpg 300w, http:\/\/gerrit-mit-freude-am-leben.de\/wp-content\/uploads\/2018\/09\/20180904-750_2847-Portraitfotos-mit-Anzug-2018-1-768x513.jpg 768w\" sizes=\"auto, (max-width: 502px) 100vw, 502px\" \/><figcaption>Ersatzpapa Ralf, Gerrit und Mama Sybille<\/figcaption><\/figure><\/div>\n\n\n\n<p>Sowohl im Alltag als auch auf Reisen, bei Tag und bei Nacht, auf Konzerten, Touren, Picnics oder anderen Events &#8211; Gerrits Team ist zu jeder Zeit voll integriert in das Familienleben und in den Tagesablauf. Wir sind eine fr\u00f6hliche, lebensbejahende Gruppe von Menschen um Gerrit, wir unternehmen eine Menge, und wir freuen uns auf jeden, der unser Leben und das von Gerrit begleitet. <\/p>\n\n\n\n<p><strong>Melde dich bei uns &#8211; wir freuen uns auf dich!<\/strong><\/p>\n","protected":false},"excerpt":{"rendered":"<p>In Gerrits Team erwartet dich jeden Tag ein spannender und abwechslungsreicher Alltag mit der besten Ausstattung, die man sich als Pfleger oder Pflegerin w\u00fcnschen kann. Gerrits Wohnr\u00e4ume sind ausgestattet mit<\/p>\n","protected":false},"author":1,"featured_media":0,"parent":0,"menu_order":0,"comment_status":"closed","ping_status":"closed","template":"","meta":{"footnotes":""},"class_list":["post-226","page","type-page","status-publish","hentry"],"_links":{"self":[{"href":"http:\/\/gerrit-mit-freude-am-leben.de\/index.php?rest_route=\/wp\/v2\/pages\/226","targetHints":{"allow":["GET"]}}],"collection":[{"href":"http:\/\/gerrit-mit-freude-am-leben.de\/index.php?rest_route=\/wp\/v2\/pages"}],"about":[{"href":"http:\/\/gerrit-mit-freude-am-leben.de\/index.php?rest_route=\/wp\/v2\/types\/page"}],"author":[{"embeddable":true,"href":"http:\/\/gerrit-mit-freude-am-leben.de\/index.php?rest_route=\/wp\/v2\/users\/1"}],"replies":[{"embeddable":true,"href":"http:\/\/gerrit-mit-freude-am-leben.de\/index.php?rest_route=%2Fwp%2Fv2%2Fcomments&post=226"}],"version-history":[{"count":33,"href":"http:\/\/gerrit-mit-freude-am-leben.de\/index.php?rest_route=\/wp\/v2\/pages\/226\/revisions"}],"predecessor-version":[{"id":1173,"href":"http:\/\/gerrit-mit-freude-am-leben.de\/index.php?rest_route=\/wp\/v2\/pages\/226\/revisions\/1173"}],"wp:attachment":[{"href":"http:\/\/gerrit-mit-freude-am-leben.de\/index.php?rest_route=%2Fwp%2Fv2%2Fmedia&parent=226"}],"curies":[{"name":"wp","href":"https:\/\/api.w.org\/{rel}","templated":true}]}}

<p></p>



<div class="wp-block-image"><figure class="alignleft is-resized"><img loading="lazy" decoding="async" src="http://gerrit-mit-freude-am-leben.de/wp-content/uploads/2018/09/20180904-750_2866-Portraitfotos-mit-Anzug-2018.jpg" alt="" class="wp-image-1093" width="304" height="203" srcset="http://gerrit-mit-freude-am-leben.de/wp-content/uploads/2018/09/20180904-750_2866-Portraitfotos-mit-Anzug-2018.jpg 1000w, http://gerrit-mit-freude-am-leben.de/wp-content/uploads/2018/09/20180904-750_2866-Portraitfotos-mit-Anzug-2018-300x200.jpg 300w, http://gerrit-mit-freude-am-leben.de/wp-content/uploads/2018/09/20180904-750_2866-Portraitfotos-mit-Anzug-2018-768x513.jpg 768w, http://gerrit-mit-freude-am-leben.de/wp-content/uploads/2018/09/20180904-750_2866-Portraitfotos-mit-Anzug-2018-640x425.jpg 640w" sizes="auto, (max-width: 304px) 100vw, 304px" /><figcaption>Das besondere E-Bike</figcaption></figure></div>



<p>In Gerrits Team erwartet dich jeden Tag ein spannender und abwechslungsreicher Alltag mit der besten Ausstattung, die man sich als Pfleger oder Pflegerin wünschen kann. Gerrits Wohnräume sind ausgestattet mit allem, was die Pflege erleichtert, zum Beispiel Deckenlifter oder höhenverstellbare Betten, es ist alles vorhanden. Auch elektrische Hilfen wie besondere Rollstühle oder, Fahrräder in jeder Form sind da.</p>



<p></p>



<div class="wp-block-image"><figure class="alignright is-resized"><img loading="lazy" decoding="async" src="http://gerrit-mit-freude-am-leben.de/wp-content/uploads/2018/08/Berlin-Juli-2018-64.jpg" alt="" class="wp-image-107" width="280" height="373" srcset="http://gerrit-mit-freude-am-leben.de/wp-content/uploads/2018/08/Berlin-Juli-2018-64.jpg 398w, http://gerrit-mit-freude-am-leben.de/wp-content/uploads/2018/08/Berlin-Juli-2018-64-225x300.jpg 225w" sizes="auto, (max-width: 280px) 100vw, 280px" /><figcaption>Start mit einem leckeren Frühstück</figcaption></figure></div>



<p>Was nicht da ist, aber benötigt wird, wird organisiert. Dies geschieht in Abstimmung mit dem Pflegeteam, denn je besser es pflegen kann, umso besser ist es für alle Beteiligten und auch für Gerrit selbst. Wie groß das beteiligte Pflegeteam ist, variiert immer ein wenig, je nachdem, ob mehr Teilzeit- oder mehr Vollzeitkräfte dabei sind. Derzeit besteht das Team aus neun Menschen, es wird aber dringend mehr Hilfe benötigt.</p>



<p><strong>Nach dem Frühstück geht es los</strong></p>



<p>Einen festen Tagesablauf für Gerrit gibt es nicht, dieser wird bestimmt durch die Situation. Normalerweise wird er zwischen sieben und acht Uhr wach, dann wird er gewaschen und es wird geschaut, ob seine Beatmungssituation gut ist, was in letzter Zeit leider öfter nicht der Fall ist. Wenn er aber gut beieinander und morgens relativ schnell fertig und frisch ist, wird überlegt, was unternommen wird. Dann werden die Zähne geputzt, und es geht los, zum Beispiel mit einer Fahrradtour, für die es für Gerrit einen besonderes E-Bike gibt.</p>



<p></p>



<div class="wp-block-image"><figure class="alignleft is-resized"><img loading="lazy" decoding="async" src="http://gerrit-mit-freude-am-leben.de/wp-content/uploads/2018/08/Berlin-Juli-2018-95.jpg" alt="" class="wp-image-138" width="194" height="259" srcset="http://gerrit-mit-freude-am-leben.de/wp-content/uploads/2018/08/Berlin-Juli-2018-95.jpg 480w, http://gerrit-mit-freude-am-leben.de/wp-content/uploads/2018/08/Berlin-Juli-2018-95-225x300.jpg 225w" sizes="auto, (max-width: 194px) 100vw, 194px" /><figcaption>Gerrit mi Pfleger Florian</figcaption></figure></div>



<p>Meistens beginnt der Tag jedoch zunächst mit einem gemeinsamen Frühstück, entweder zuhause oder unterwegs. Zuhause, das ist die schwäbische Heimat in Achstetten, häufig verbringen Gerrit und seine Familie aber auch Tage im Ferienhäuschen in Erbach am Baggersee. Dort mag der Junge es sehr, direkt am Wasser auf dem Steg zu frühstücken. Essen kann Gerrit ganz normal, allerdings trägt er einen Dauerkatheter und eine Magensonde, über die er zusätzlich Flüssigkeit bekommt.</p>



<p></p>



<p><strong></strong></p>



<p><strong></strong></p>



<p><strong></strong></p>



<p><strong></strong></p>



<p><strong>Alle Räume voll ausgestattet</strong></p>



<p>Wenn nichts unternommen werden kann, weil es Gerrit nicht gut geht, bleiben alle zuhause. Gerrit verbringt den Tag dann meist im Bett oder mit ruhigeren Aktivitäten wie Musik hören oder einen Film schauen. Der Abend klingt in der Regel spätestens um neun Uhr aus, denn vor dem Schlafengehen gibt es eine ausgedehnte Pflege. Am Morgen bekommt Gerrit manchmal nur eine Katzenwäsche, abends aber wird er gründlich gewaschen und eingecremt.</p>



<div class="wp-block-image"><figure class="alignright"><img loading="lazy" decoding="async" width="1000" height="668" src="http://gerrit-mit-freude-am-leben.de/wp-content/uploads/2018/09/20180904-750_2739-Portraitfotos-mit-Anzug-2018.jpg" alt="" class="wp-image-1110" srcset="http://gerrit-mit-freude-am-leben.de/wp-content/uploads/2018/09/20180904-750_2739-Portraitfotos-mit-Anzug-2018.jpg 1000w, http://gerrit-mit-freude-am-leben.de/wp-content/uploads/2018/09/20180904-750_2739-Portraitfotos-mit-Anzug-2018-300x200.jpg 300w, http://gerrit-mit-freude-am-leben.de/wp-content/uploads/2018/09/20180904-750_2739-Portraitfotos-mit-Anzug-2018-768x513.jpg 768w" sizes="auto, (max-width: 1000px) 100vw, 1000px" /></figure></div>



<p></p>



<p>Die Häuser in Erbach und Achstetten sind ganz auf die Bedürfnisse von Gerrit angepasst und die Zimmer bilden einen eigenen Trakt. Es sind praktisch zwei Haushälften, so dass es eine räumliche Trennung zu den Eltern gibt. Gerrits Räume sind für die Pflege und die Überwachung in der Nacht voll ausgestattet. In Achstetten gibt es auch einen eigenen Raum für das Pflegeteam mit Überwachungssystem-Monitor, so dass Gerrit immer sicher unter Beobachtung ist.</p>



<p><strong>Komm und werde Teil des Teams</strong></p>



<div class="wp-block-image"><figure class="aligncenter is-resized"><img loading="lazy" decoding="async" src="http://gerrit-mit-freude-am-leben.de/wp-content/uploads/2018/09/20180904-750_2847-Portraitfotos-mit-Anzug-2018-1.jpg" alt="" class="wp-image-1143" width="502" height="335" srcset="http://gerrit-mit-freude-am-leben.de/wp-content/uploads/2018/09/20180904-750_2847-Portraitfotos-mit-Anzug-2018-1.jpg 1000w, http://gerrit-mit-freude-am-leben.de/wp-content/uploads/2018/09/20180904-750_2847-Portraitfotos-mit-Anzug-2018-1-300x200.jpg 300w, http://gerrit-mit-freude-am-leben.de/wp-content/uploads/2018/09/20180904-750_2847-Portraitfotos-mit-Anzug-2018-1-768x513.jpg 768w" sizes="auto, (max-width: 502px) 100vw, 502px" /><figcaption>Ersatzpapa Ralf, Gerrit und Mama Sybille</figcaption></figure></div>



<p>Sowohl im Alltag als auch auf Reisen, bei Tag und bei Nacht, auf Konzerten, Touren, Picnics oder anderen Events &#8211; Gerrits Team ist zu jeder Zeit voll integriert in das Familienleben und in den Tagesablauf. Wir sind eine fröhliche, lebensbejahende Gruppe von Menschen um Gerrit, wir unternehmen eine Menge, und wir freuen uns auf jeden, der unser Leben und das von Gerrit begleitet. </p>



<p><strong>Melde dich bei uns &#8211; wir freuen uns auf dich!</strong></p>

<p>In Gerrits Team erwartet dich jeden Tag ein spannender und abwechslungsreicher Alltag mit der besten Ausstattung, die man sich als Pfleger oder Pflegerin wünschen kann. Gerrits Wohnräume sind ausgestattet mit</p>
