{"id":189,"date":"2018-08-03T13:30:54","date_gmt":"2018-08-03T13:30:54","guid":{"rendered":"http:\/\/gerrit-mit-freude-am-leben.de\/?page_id=189"},"modified":"2018-09-21T09:00:07","modified_gmt":"2018-09-21T09:00:07","slug":"gerrits-familie","status":"publish","type":"page","link":"http:\/\/gerrit-mit-freude-am-leben.de\/?page_id=189","title":{"rendered":"Das Leben genie\u00dfen"},"content":{"rendered":"\n<div class=\"wp-block-image\"><figure class=\"alignright is-resized\"><img loading=\"lazy\" decoding=\"async\" src=\"http:\/\/gerrit-mit-freude-am-leben.de\/wp-content\/uploads\/2018\/08\/Berlin-Juli-2018-69.jpg\" alt=\"\" class=\"wp-image-112\" width=\"318\" height=\"240\" srcset=\"http:\/\/gerrit-mit-freude-am-leben.de\/wp-content\/uploads\/2018\/08\/Berlin-Juli-2018-69.jpg 640w, http:\/\/gerrit-mit-freude-am-leben.de\/wp-content\/uploads\/2018\/08\/Berlin-Juli-2018-69-300x225.jpg 300w\" sizes=\"auto, (max-width: 318px) 100vw, 318px\" \/><figcaption>Gerrit liebt Feste und das feiern<\/figcaption><\/figure><\/div>\n\n\n\n<p>Gerrit soll das Leben genie\u00dfen und es so gut haben, wie es irgend m\u00f6glich ist. Darum lautet das\u00a0 Motto seiner Familie: &#8222;Es geht nicht darum, dem Leben mehr Tage zu geben, sondern den Tagen mehr Leben.&#8220; Diese Maxime setzen seine Eltern um &#8211; jeden einzelnen Tag. Sie tun dies auf vielf\u00e4ltige Weise, sie unternehmen etwas mit Gerrit oder laden Freunde zu sich ein. So haben sie bereits einige Monate nach dem Unfall Kontakt aufgenommen zu Familien, deren Kinder ein \u00e4hnliches Schicksal erlitten haben wie Gerrit. Daraus sind Freundschaften entstanden, die bis heute anhalten &#8211; Lisa zum Beispiel ist eine enge Freundin. Leider wohnt sie nicht in der N\u00e4he, aber ihren 30. Geburtstag haben die Familien zusammen verbracht und eine Black-and-White-Party gefeiert.<\/p>\n\n\n\n<div class=\"wp-block-image\"><figure class=\"alignright is-resized\"><img loading=\"lazy\" decoding=\"async\" src=\"http:\/\/gerrit-mit-freude-am-leben.de\/wp-content\/uploads\/2018\/09\/IMG_6688.jpg\" alt=\"\" class=\"wp-image-1176\" width=\"281\" height=\"374\" srcset=\"http:\/\/gerrit-mit-freude-am-leben.de\/wp-content\/uploads\/2018\/09\/IMG_6688.jpg 768w, http:\/\/gerrit-mit-freude-am-leben.de\/wp-content\/uploads\/2018\/09\/IMG_6688-225x300.jpg 225w\" sizes=\"auto, (max-width: 281px) 100vw, 281px\" \/><figcaption>Lisa und Gerrit<\/figcaption><\/figure><\/div>\n\n\n\n<p style=\"color:#fdfdff\">&#8211;<\/p>\n\n\n\n<p><strong><\/strong><\/p>\n\n\n\n<p><strong>Das Team ist immer dabei<\/strong><\/p>\n\n\n\n<p>Gerrits K\u00f6rper ist zwar gel\u00e4hmt, doch er kann wie jeder andere Mensch schmecken, riechen, sehen und h\u00f6ren. Im Gesicht kann er auch f\u00fchlen, so dass er Z\u00e4rtlichkeiten und Zuwendung \u00fcber Streicheln oder K\u00fcsschen bekommt. Seine Familie versucht, Gerrit in seinem Leben alles zu geben, was er annehmen kann: Musik h\u00f6ren, in den Urlaub fahren, Feste feiern. Tage wie Gerrits Geburtstag, Nikolaus, Weihnachten, Ostern oder Silvester werden ausgiebig gefeiert, egal, wo sie gerade sind auf dieser Welt. Events wie der Besuch von Freunden auf Mauritius oder die Fu\u00dfball-WM 2018 sind immer jede Action wert.\u00a0<\/p>\n\n\n\n<p style=\"color:#ffffff;font-size:12px\">&#8211;<\/p>\n\n\n\n<div class=\"wp-block-image\"><figure class=\"alignleft is-resized\"><img loading=\"lazy\" decoding=\"async\" src=\"http:\/\/gerrit-mit-freude-am-leben.de\/wp-content\/uploads\/2018\/08\/Berlin-Juli-2018-108.jpg\" alt=\"\" class=\"wp-image-151\" width=\"256\" height=\"342\" srcset=\"http:\/\/gerrit-mit-freude-am-leben.de\/wp-content\/uploads\/2018\/08\/Berlin-Juli-2018-108.jpg 1080w, http:\/\/gerrit-mit-freude-am-leben.de\/wp-content\/uploads\/2018\/08\/Berlin-Juli-2018-108-225x300.jpg 225w, http:\/\/gerrit-mit-freude-am-leben.de\/wp-content\/uploads\/2018\/08\/Berlin-Juli-2018-108-768x1024.jpg 768w\" sizes=\"auto, (max-width: 256px) 100vw, 256px\" \/><figcaption>Fu\u00dfballfan Gerrit<\/figcaption><\/figure><\/div>\n\n\n\n<p>Bei Gerrit sind die T\u00fcren immer f\u00fcr jeden offen, und es gibt kaum ein Wochenende, an dem zuhause in Achstetten oder im Ferienhaus in Erbach die St\u00fchle leer bleiben. Die K\u00fchlschr\u00e4nke werde freitags gef\u00fcllt bis an ihre Kapazit\u00e4tsgrenzen, und die Kaffeemaschine macht oft \u00dcberstunden. Gerrits Eltern m\u00f6chten, dass alle, die mit ihnen zusammen sind, von Herzen teilnehmen. Darum ist es ihnen sehr wichtig, dass Gerrits Team sich mit ihnen nicht nur die Pflege teilt, sondern auch Gerrit und sie alle bei ihren Unternehmungen begleitet und mit ihnen Spa\u00df hat.<\/p>\n\n\n\n<p><\/p>\n\n\n\n<p><strong><\/strong><\/p>\n\n\n\n<p><\/p>\n\n\n\n<p><strong>Was Gerrit am liebsten mag<\/strong><\/p>\n\n\n\n<p><\/p>\n\n\n\n<p>Neben dem Wasser, dem Sport und der Musik sind auch Videos wichtig f\u00fcr Gerrit. Derzeit ist sogar der Bau eines kleinen Kinos im Haus geplant, sodass auch Freunde und das Team gemeinsam mit ihm Filme genie\u00dfen k\u00f6nnen.<\/p>\n\n\n\n<figure class=\"wp-block-image\"><img loading=\"lazy\" decoding=\"async\" width=\"1024\" height=\"576\" src=\"http:\/\/gerrit-mit-freude-am-leben.de\/wp-content\/uploads\/2018\/08\/Berlin-Juli-2018-97.jpg\" alt=\"\" class=\"wp-image-140\" srcset=\"http:\/\/gerrit-mit-freude-am-leben.de\/wp-content\/uploads\/2018\/08\/Berlin-Juli-2018-97.jpg 1024w, http:\/\/gerrit-mit-freude-am-leben.de\/wp-content\/uploads\/2018\/08\/Berlin-Juli-2018-97-300x169.jpg 300w, http:\/\/gerrit-mit-freude-am-leben.de\/wp-content\/uploads\/2018\/08\/Berlin-Juli-2018-97-768x432.jpg 768w, http:\/\/gerrit-mit-freude-am-leben.de\/wp-content\/uploads\/2018\/08\/Berlin-Juli-2018-97-748x421.jpg 748w\" sizes=\"auto, (max-width: 1024px) 100vw, 1024px\" \/><figcaption>Pizza und Pfannkuchen z\u00e4hlen zu Gerrits Leibspeisen<\/figcaption><\/figure>\n\n\n\n<p>Eine st\u00e4ndige Freude des Alltags ist das Essen: Gerrit isst f\u00fcr sein Leben gern, und alle Beteiligten m\u00fcssen immer ein wenig aufpassen, dass es nicht zu viel wird und er sein Gewicht halten kann. Die Menschen, die ihm nahe stehen, m\u00fcssen ihn h\u00e4ufig heben und in unterschiedliche Positionen bringen &#8211; auch hier ist die Unterst\u00fctzung durch das Pflegepersonal sehr wichtig, denn sonnst w\u00e4re die t\u00e4gliche aktive Freizeitgestaltung von Gerrit und seiner Familie gar nicht m\u00f6glich.<\/p>\n","protected":false},"excerpt":{"rendered":"<p>Gerrit soll das Leben genie\u00dfen und es so gut haben, wie es irgend m\u00f6glich ist. Darum lautet das\u00a0 Motto seiner Familie: &#8222;Es geht nicht darum, dem Leben mehr Tage zu<\/p>\n","protected":false},"author":1,"featured_media":0,"parent":0,"menu_order":0,"comment_status":"closed","ping_status":"closed","template":"","meta":{"footnotes":""},"class_list":["post-189","page","type-page","status-publish","hentry"],"_links":{"self":[{"href":"http:\/\/gerrit-mit-freude-am-leben.de\/index.php?rest_route=\/wp\/v2\/pages\/189","targetHints":{"allow":["GET"]}}],"collection":[{"href":"http:\/\/gerrit-mit-freude-am-leben.de\/index.php?rest_route=\/wp\/v2\/pages"}],"about":[{"href":"http:\/\/gerrit-mit-freude-am-leben.de\/index.php?rest_route=\/wp\/v2\/types\/page"}],"author":[{"embeddable":true,"href":"http:\/\/gerrit-mit-freude-am-leben.de\/index.php?rest_route=\/wp\/v2\/users\/1"}],"replies":[{"embeddable":true,"href":"http:\/\/gerrit-mit-freude-am-leben.de\/index.php?rest_route=%2Fwp%2Fv2%2Fcomments&post=189"}],"version-history":[{"count":26,"href":"http:\/\/gerrit-mit-freude-am-leben.de\/index.php?rest_route=\/wp\/v2\/pages\/189\/revisions"}],"predecessor-version":[{"id":1179,"href":"http:\/\/gerrit-mit-freude-am-leben.de\/index.php?rest_route=\/wp\/v2\/pages\/189\/revisions\/1179"}],"wp:attachment":[{"href":"http:\/\/gerrit-mit-freude-am-leben.de\/index.php?rest_route=%2Fwp%2Fv2%2Fmedia&parent=189"}],"curies":[{"name":"wp","href":"https:\/\/api.w.org\/{rel}","templated":true}]}}

Das Leben genießen

<div class="wp-block-image"><figure class="alignright is-resized"><img loading="lazy" decoding="async" src="http://gerrit-mit-freude-am-leben.de/wp-content/uploads/2018/08/Berlin-Juli-2018-69.jpg" alt="" class="wp-image-112" width="318" height="240" srcset="http://gerrit-mit-freude-am-leben.de/wp-content/uploads/2018/08/Berlin-Juli-2018-69.jpg 640w, http://gerrit-mit-freude-am-leben.de/wp-content/uploads/2018/08/Berlin-Juli-2018-69-300x225.jpg 300w" sizes="auto, (max-width: 318px) 100vw, 318px" /><figcaption>Gerrit liebt Feste und das feiern</figcaption></figure></div>



<p>Gerrit soll das Leben genießen und es so gut haben, wie es irgend möglich ist. Darum lautet das  Motto seiner Familie: &#8222;Es geht nicht darum, dem Leben mehr Tage zu geben, sondern den Tagen mehr Leben.&#8220; Diese Maxime setzen seine Eltern um &#8211; jeden einzelnen Tag. Sie tun dies auf vielfältige Weise, sie unternehmen etwas mit Gerrit oder laden Freunde zu sich ein. So haben sie bereits einige Monate nach dem Unfall Kontakt aufgenommen zu Familien, deren Kinder ein ähnliches Schicksal erlitten haben wie Gerrit. Daraus sind Freundschaften entstanden, die bis heute anhalten &#8211; Lisa zum Beispiel ist eine enge Freundin. Leider wohnt sie nicht in der Nähe, aber ihren 30. Geburtstag haben die Familien zusammen verbracht und eine Black-and-White-Party gefeiert.</p>



<div class="wp-block-image"><figure class="alignright is-resized"><img loading="lazy" decoding="async" src="http://gerrit-mit-freude-am-leben.de/wp-content/uploads/2018/09/IMG_6688.jpg" alt="" class="wp-image-1176" width="281" height="374" srcset="http://gerrit-mit-freude-am-leben.de/wp-content/uploads/2018/09/IMG_6688.jpg 768w, http://gerrit-mit-freude-am-leben.de/wp-content/uploads/2018/09/IMG_6688-225x300.jpg 225w" sizes="auto, (max-width: 281px) 100vw, 281px" /><figcaption>Lisa und Gerrit</figcaption></figure></div>



<p style="color:#fdfdff">&#8211;</p>



<p><strong></strong></p>



<p><strong>Das Team ist immer dabei</strong></p>



<p>Gerrits Körper ist zwar gelähmt, doch er kann wie jeder andere Mensch schmecken, riechen, sehen und hören. Im Gesicht kann er auch fühlen, so dass er Zärtlichkeiten und Zuwendung über Streicheln oder Küsschen bekommt. Seine Familie versucht, Gerrit in seinem Leben alles zu geben, was er annehmen kann: Musik hören, in den Urlaub fahren, Feste feiern. Tage wie Gerrits Geburtstag, Nikolaus, Weihnachten, Ostern oder Silvester werden ausgiebig gefeiert, egal, wo sie gerade sind auf dieser Welt. Events wie der Besuch von Freunden auf Mauritius oder die Fußball-WM 2018 sind immer jede Action wert. </p>



<p style="color:#ffffff;font-size:12px">&#8211;</p>



<div class="wp-block-image"><figure class="alignleft is-resized"><img loading="lazy" decoding="async" src="http://gerrit-mit-freude-am-leben.de/wp-content/uploads/2018/08/Berlin-Juli-2018-108.jpg" alt="" class="wp-image-151" width="256" height="342" srcset="http://gerrit-mit-freude-am-leben.de/wp-content/uploads/2018/08/Berlin-Juli-2018-108.jpg 1080w, http://gerrit-mit-freude-am-leben.de/wp-content/uploads/2018/08/Berlin-Juli-2018-108-225x300.jpg 225w, http://gerrit-mit-freude-am-leben.de/wp-content/uploads/2018/08/Berlin-Juli-2018-108-768x1024.jpg 768w" sizes="auto, (max-width: 256px) 100vw, 256px" /><figcaption>Fußballfan Gerrit</figcaption></figure></div>



<p>Bei Gerrit sind die Türen immer für jeden offen, und es gibt kaum ein Wochenende, an dem zuhause in Achstetten oder im Ferienhaus in Erbach die Stühle leer bleiben. Die Kühlschränke werde freitags gefüllt bis an ihre Kapazitätsgrenzen, und die Kaffeemaschine macht oft Überstunden. Gerrits Eltern möchten, dass alle, die mit ihnen zusammen sind, von Herzen teilnehmen. Darum ist es ihnen sehr wichtig, dass Gerrits Team sich mit ihnen nicht nur die Pflege teilt, sondern auch Gerrit und sie alle bei ihren Unternehmungen begleitet und mit ihnen Spaß hat.</p>



<p></p>



<p><strong></strong></p>



<p></p>



<p><strong>Was Gerrit am liebsten mag</strong></p>



<p></p>



<p>Neben dem Wasser, dem Sport und der Musik sind auch Videos wichtig für Gerrit. Derzeit ist sogar der Bau eines kleinen Kinos im Haus geplant, sodass auch Freunde und das Team gemeinsam mit ihm Filme genießen können.</p>



<figure class="wp-block-image"><img loading="lazy" decoding="async" width="1024" height="576" src="http://gerrit-mit-freude-am-leben.de/wp-content/uploads/2018/08/Berlin-Juli-2018-97.jpg" alt="" class="wp-image-140" srcset="http://gerrit-mit-freude-am-leben.de/wp-content/uploads/2018/08/Berlin-Juli-2018-97.jpg 1024w, http://gerrit-mit-freude-am-leben.de/wp-content/uploads/2018/08/Berlin-Juli-2018-97-300x169.jpg 300w, http://gerrit-mit-freude-am-leben.de/wp-content/uploads/2018/08/Berlin-Juli-2018-97-768x432.jpg 768w, http://gerrit-mit-freude-am-leben.de/wp-content/uploads/2018/08/Berlin-Juli-2018-97-748x421.jpg 748w" sizes="auto, (max-width: 1024px) 100vw, 1024px" /><figcaption>Pizza und Pfannkuchen zählen zu Gerrits Leibspeisen</figcaption></figure>



<p>Eine ständige Freude des Alltags ist das Essen: Gerrit isst für sein Leben gern, und alle Beteiligten müssen immer ein wenig aufpassen, dass es nicht zu viel wird und er sein Gewicht halten kann. Die Menschen, die ihm nahe stehen, müssen ihn häufig heben und in unterschiedliche Positionen bringen &#8211; auch hier ist die Unterstützung durch das Pflegepersonal sehr wichtig, denn sonnst wäre die tägliche aktive Freizeitgestaltung von Gerrit und seiner Familie gar nicht möglich.</p>

<p>Gerrit soll das Leben genießen und es so gut haben, wie es irgend möglich ist. Darum lautet das  Motto seiner Familie: &#8222;Es geht nicht darum, dem Leben mehr Tage zu</p>
