{"id":184,"date":"2018-08-03T13:27:22","date_gmt":"2018-08-03T13:27:22","guid":{"rendered":"http:\/\/gerrit-mit-freude-am-leben.de\/?page_id=184"},"modified":"2018-09-18T10:58:10","modified_gmt":"2018-09-18T10:58:10","slug":"gerrit-und-die-musik","status":"publish","type":"page","link":"http:\/\/gerrit-mit-freude-am-leben.de\/?page_id=184","title":{"rendered":"Gerrit und die Musik"},"content":{"rendered":"\n<p>Ein Leben ohne Musik w\u00e4re f\u00fcr Gerrit undenkbar, er liebt einfach die Musik! Sie ist zu einem festen Bestandteil seines Lebens geworden, und sobald er etwas Ruhe hat, lauscht er ihren Kl\u00e4ngen. Insbesondere abends nach vielen sch\u00f6nen Erlebnissen oder an Tagen, an denen es ihm nicht so gut geht, kann er sich zur\u00fccklehnen, die Augen schlie\u00dfen und einfach zuh\u00f6ren; das ist f\u00fcr ihn wie Medizin.<\/p>\n\n\n\n<p style=\"color:#ffffff\" class=\"has-regular-font-size\"><strong>Gerrit \u00fcbergibt den Preis<\/strong><\/p>\n\n\n\n<div class=\"wp-block-image\"><figure class=\"alignright is-resized\"><img loading=\"lazy\" decoding=\"async\" src=\"http:\/\/gerrit-mit-freude-am-leben.de\/wp-content\/uploads\/2018\/08\/Gerrit-Weisshaupt-1-von-2-4.jpg\" alt=\"\" class=\"wp-image-589\" width=\"304\" height=\"228\" srcset=\"http:\/\/gerrit-mit-freude-am-leben.de\/wp-content\/uploads\/2018\/08\/Gerrit-Weisshaupt-1-von-2-4.jpg 640w, http:\/\/gerrit-mit-freude-am-leben.de\/wp-content\/uploads\/2018\/08\/Gerrit-Weisshaupt-1-von-2-4-300x225.jpg 300w\" sizes=\"auto, (max-width: 304px) 100vw, 304px\" \/><figcaption>Gerrit trifft Andreas Gabalier<\/figcaption><\/figure><\/div>\n\n\n\n<p>Gerrit hat sich im Lauf der Jahre zu einem echten Musik-Liebhaber entwickelt. Mittlerweile hat er eine beachtliche Sammlung an DVDs zusammengetragen mit Konzerten von A bis Z, von AC\/DC bis Zucchero.\u00a0Damit er diese Konzerte und nat\u00fcrlich auch Filme besser genie\u00dfen kann, ist derzeit der Bau eines kleinen Kinos geplant. So k\u00f6nnen auch Freunde, Familie und das Pflegeteam mit Gerrit zusammen die Events genie\u00dfen.<\/p>\n\n\n\n<p><\/p>\n\n\n\n<p class=\"has-regular-font-size\"><strong>Chris und Gerrit<\/strong><\/p>\n\n\n\n<div class=\"wp-block-image\"><figure class=\"alignleft is-resized\"><img loading=\"lazy\" decoding=\"async\" src=\"http:\/\/gerrit-mit-freude-am-leben.de\/wp-content\/uploads\/2018\/08\/Berlin-Juli-2018-79.jpg\" alt=\"\" class=\"wp-image-122\" width=\"225\" height=\"299\" srcset=\"http:\/\/gerrit-mit-freude-am-leben.de\/wp-content\/uploads\/2018\/08\/Berlin-Juli-2018-79.jpg 881w, http:\/\/gerrit-mit-freude-am-leben.de\/wp-content\/uploads\/2018\/08\/Berlin-Juli-2018-79-225x300.jpg 225w, http:\/\/gerrit-mit-freude-am-leben.de\/wp-content\/uploads\/2018\/08\/Berlin-Juli-2018-79-768x1024.jpg 768w\" sizes=\"auto, (max-width: 225px) 100vw, 225px\" \/><figcaption>Chris und Gerrit sind Freunde<\/figcaption><\/figure><\/div>\n\n\n\n<p><\/p>\n\n\n\n<p>Besondere Highlights sind f\u00fcr Gerrit immer wieder der Besuch von Live-Konzerten. Einer der Musiker, die ihm am n\u00e4chsten stehen und deren Musik eine gro\u00dfe Rolle f\u00fcr Gerrit spielen, ist Chris de Burgh: Gerrit verpasst keines seiner Konzerte im s\u00fcddeutschen Raum. Mit Chris gibt es schon seit Jahrzehnten eine enge Verbindung, Gerrit und seine Familie treffen Chris vor jedem Konzert im Backstage-Bereich, Chris und die Familie haben sich auch schon im Urlaub getroffen.<\/p>\n\n\n\n<p><\/p>\n\n\n\n<p><strong><\/strong><\/p>\n\n\n\n<p style=\"color:#ffffff;font-size:12px\"><strong>Gerrit \u00fcberreicht den Preis<\/strong><\/p>\n\n\n\n<div class=\"wp-block-image\"><figure class=\"alignright is-resized\"><img loading=\"lazy\" decoding=\"async\" src=\"http:\/\/gerrit-mit-freude-am-leben.de\/wp-content\/uploads\/2018\/08\/Berlin-Juli-2018-63-1.jpg\" alt=\"\" class=\"wp-image-186\" width=\"233\" height=\"304\" srcset=\"http:\/\/gerrit-mit-freude-am-leben.de\/wp-content\/uploads\/2018\/08\/Berlin-Juli-2018-63-1.jpg 479w, http:\/\/gerrit-mit-freude-am-leben.de\/wp-content\/uploads\/2018\/08\/Berlin-Juli-2018-63-1-231x300.jpg 231w\" sizes=\"auto, (max-width: 233px) 100vw, 233px\" \/><figcaption>Ein Awards f\u00fcr Peter Maffay<\/figcaption><\/figure><\/div>\n\n\n\n<p class=\"has-regular-font-size has-very-dark-gray-color\"><\/p>\n\n\n\n<p><strong>Gerrit \u00fcberreicht den Preis<\/strong><\/p>\n\n\n\n<p>Chris de Burgh ist aber nat\u00fcrlich nicht der Einzige &#8211; Gerrit war auch schon Backstage bei Andreas Gabalier und Peter Maffay. Dieser gewann im M\u00e4rz 2018 den ratiopharm arena Award, und niemand konnte stolzer sein als Gerrit, dem Musiker diesen Preis vor aller Augen zu \u00fcberreichen. Bei diesem Konzert hat Gerrit sich auch gefreut, Johannes Oerding kennenzulernen. Was nicht bedeutet, dass es damit genug w\u00e4re: Derzeit stehen Helene Fischer, Udo Lindenberg und die Kelly Family auf Gerrits Wunschliste &#8211; es geht also bald wieder los!<\/p>\n\n\n\n<p><\/p>\n\n\n\n<p><\/p>\n\n\n\n<p><\/p>\n\n\n\n<ul class=\"wp-block-gallery columns-3 is-cropped wp-block-gallery-1 is-layout-flex wp-block-gallery-is-layout-flex\"><li class=\"blocks-gallery-item\"><figure><img loading=\"lazy\" decoding=\"async\" width=\"1600\" height=\"1200\" src=\"http:\/\/gerrit-mit-freude-am-leben.de\/wp-content\/uploads\/2018\/08\/Berlin-Juli-2018-84.jpg\" alt=\"\" data-id=\"127\" data-link=\"http:\/\/gerrit-mit-freude-am-leben.de\/?attachment_id=127\" class=\"wp-image-127\" srcset=\"http:\/\/gerrit-mit-freude-am-leben.de\/wp-content\/uploads\/2018\/08\/Berlin-Juli-2018-84.jpg 1600w, http:\/\/gerrit-mit-freude-am-leben.de\/wp-content\/uploads\/2018\/08\/Berlin-Juli-2018-84-300x225.jpg 300w, http:\/\/gerrit-mit-freude-am-leben.de\/wp-content\/uploads\/2018\/08\/Berlin-Juli-2018-84-768x576.jpg 768w, http:\/\/gerrit-mit-freude-am-leben.de\/wp-content\/uploads\/2018\/08\/Berlin-Juli-2018-84-1024x768.jpg 1024w\" sizes=\"auto, (max-width: 1600px) 100vw, 1600px\" \/><figcaption>Chris zu Besuch in Achstetten<\/figcaption><\/figure><\/li><li class=\"blocks-gallery-item\"><figure><img loading=\"lazy\" decoding=\"async\" width=\"1200\" height=\"1600\" src=\"http:\/\/gerrit-mit-freude-am-leben.de\/wp-content\/uploads\/2018\/08\/Berlin-Juli-2018-85.jpg\" alt=\"\" data-id=\"128\" data-link=\"http:\/\/gerrit-mit-freude-am-leben.de\/?attachment_id=128\" class=\"wp-image-128\" srcset=\"http:\/\/gerrit-mit-freude-am-leben.de\/wp-content\/uploads\/2018\/08\/Berlin-Juli-2018-85.jpg 1200w, http:\/\/gerrit-mit-freude-am-leben.de\/wp-content\/uploads\/2018\/08\/Berlin-Juli-2018-85-225x300.jpg 225w, http:\/\/gerrit-mit-freude-am-leben.de\/wp-content\/uploads\/2018\/08\/Berlin-Juli-2018-85-768x1024.jpg 768w\" sizes=\"auto, (max-width: 1200px) 100vw, 1200px\" \/><figcaption>Chris und Gerrit sind Freunde<\/figcaption><\/figure><\/li><li class=\"blocks-gallery-item\"><figure><img loading=\"lazy\" decoding=\"async\" width=\"960\" height=\"1280\" src=\"http:\/\/gerrit-mit-freude-am-leben.de\/wp-content\/uploads\/2018\/08\/Berlin-Juli-2018-81.jpg\" alt=\"\" data-id=\"124\" data-link=\"http:\/\/gerrit-mit-freude-am-leben.de\/?attachment_id=124\" class=\"wp-image-124\" srcset=\"http:\/\/gerrit-mit-freude-am-leben.de\/wp-content\/uploads\/2018\/08\/Berlin-Juli-2018-81.jpg 960w, http:\/\/gerrit-mit-freude-am-leben.de\/wp-content\/uploads\/2018\/08\/Berlin-Juli-2018-81-225x300.jpg 225w, http:\/\/gerrit-mit-freude-am-leben.de\/wp-content\/uploads\/2018\/08\/Berlin-Juli-2018-81-768x1024.jpg 768w\" sizes=\"auto, (max-width: 960px) 100vw, 960px\" \/><figcaption>Gerrit liebt Live &#8211; Konzerte<\/figcaption><\/figure><\/li><li class=\"blocks-gallery-item\"><figure><img loading=\"lazy\" decoding=\"async\" width=\"424\" height=\"565\" src=\"http:\/\/gerrit-mit-freude-am-leben.de\/wp-content\/uploads\/2018\/08\/Berlin-Juli-2018-19.jpg\" alt=\"\" data-id=\"62\" data-link=\"http:\/\/gerrit-mit-freude-am-leben.de\/?attachment_id=62\" class=\"wp-image-62\" srcset=\"http:\/\/gerrit-mit-freude-am-leben.de\/wp-content\/uploads\/2018\/08\/Berlin-Juli-2018-19.jpg 424w, http:\/\/gerrit-mit-freude-am-leben.de\/wp-content\/uploads\/2018\/08\/Berlin-Juli-2018-19-225x300.jpg 225w\" sizes=\"auto, (max-width: 424px) 100vw, 424px\" \/><figcaption>Live bei\u00a0 BAP<\/figcaption><\/figure><\/li><li class=\"blocks-gallery-item\"><figure><img loading=\"lazy\" decoding=\"async\" width=\"480\" height=\"640\" src=\"http:\/\/gerrit-mit-freude-am-leben.de\/wp-content\/uploads\/2018\/08\/Berlin-Juli-2018-21.jpg\" alt=\"\" data-id=\"64\" data-link=\"http:\/\/gerrit-mit-freude-am-leben.de\/?attachment_id=64\" class=\"wp-image-64\" srcset=\"http:\/\/gerrit-mit-freude-am-leben.de\/wp-content\/uploads\/2018\/08\/Berlin-Juli-2018-21.jpg 480w, http:\/\/gerrit-mit-freude-am-leben.de\/wp-content\/uploads\/2018\/08\/Berlin-Juli-2018-21-225x300.jpg 225w\" sizes=\"auto, (max-width: 480px) 100vw, 480px\" \/><figcaption>Oktoberfestbesuch<\/figcaption><\/figure><\/li><li class=\"blocks-gallery-item\"><figure><img loading=\"lazy\" decoding=\"async\" width=\"603\" height=\"452\" src=\"http:\/\/gerrit-mit-freude-am-leben.de\/wp-content\/uploads\/2018\/08\/Berlin-Juli-2018-17.jpg\" alt=\"\" data-id=\"60\" data-link=\"http:\/\/gerrit-mit-freude-am-leben.de\/?attachment_id=60\" class=\"wp-image-60\" srcset=\"http:\/\/gerrit-mit-freude-am-leben.de\/wp-content\/uploads\/2018\/08\/Berlin-Juli-2018-17.jpg 603w, http:\/\/gerrit-mit-freude-am-leben.de\/wp-content\/uploads\/2018\/08\/Berlin-Juli-2018-17-300x225.jpg 300w\" sizes=\"auto, (max-width: 603px) 100vw, 603px\" \/><figcaption>Geneinsam bei PUR<\/figcaption><\/figure><\/li><\/ul>\n","protected":false},"excerpt":{"rendered":"<p>Ein Leben ohne Musik w\u00e4re f\u00fcr Gerrit undenkbar, er liebt einfach die Musik! Sie ist zu einem festen Bestandteil seines Lebens geworden, und sobald er etwas Ruhe hat, lauscht er<\/p>\n","protected":false},"author":1,"featured_media":0,"parent":0,"menu_order":0,"comment_status":"closed","ping_status":"closed","template":"","meta":{"footnotes":""},"class_list":["post-184","page","type-page","status-publish","hentry"],"_links":{"self":[{"href":"http:\/\/gerrit-mit-freude-am-leben.de\/index.php?rest_route=\/wp\/v2\/pages\/184","targetHints":{"allow":["GET"]}}],"collection":[{"href":"http:\/\/gerrit-mit-freude-am-leben.de\/index.php?rest_route=\/wp\/v2\/pages"}],"about":[{"href":"http:\/\/gerrit-mit-freude-am-leben.de\/index.php?rest_route=\/wp\/v2\/types\/page"}],"author":[{"embeddable":true,"href":"http:\/\/gerrit-mit-freude-am-leben.de\/index.php?rest_route=\/wp\/v2\/users\/1"}],"replies":[{"embeddable":true,"href":"http:\/\/gerrit-mit-freude-am-leben.de\/index.php?rest_route=%2Fwp%2Fv2%2Fcomments&post=184"}],"version-history":[{"count":96,"href":"http:\/\/gerrit-mit-freude-am-leben.de\/index.php?rest_route=\/wp\/v2\/pages\/184\/revisions"}],"predecessor-version":[{"id":1174,"href":"http:\/\/gerrit-mit-freude-am-leben.de\/index.php?rest_route=\/wp\/v2\/pages\/184\/revisions\/1174"}],"wp:attachment":[{"href":"http:\/\/gerrit-mit-freude-am-leben.de\/index.php?rest_route=%2Fwp%2Fv2%2Fmedia&parent=184"}],"curies":[{"name":"wp","href":"https:\/\/api.w.org\/{rel}","templated":true}]}}

<p>Ein Leben ohne Musik wäre für Gerrit undenkbar, er liebt einfach die Musik! Sie ist zu einem festen Bestandteil seines Lebens geworden, und sobald er etwas Ruhe hat, lauscht er ihren Klängen. Insbesondere abends nach vielen schönen Erlebnissen oder an Tagen, an denen es ihm nicht so gut geht, kann er sich zurücklehnen, die Augen schließen und einfach zuhören; das ist für ihn wie Medizin.</p>



<p style="color:#ffffff" class="has-regular-font-size"><strong>Gerrit übergibt den Preis</strong></p>



<div class="wp-block-image"><figure class="alignright is-resized"><img loading="lazy" decoding="async" src="http://gerrit-mit-freude-am-leben.de/wp-content/uploads/2018/08/Gerrit-Weisshaupt-1-von-2-4.jpg" alt="" class="wp-image-589" width="304" height="228" srcset="http://gerrit-mit-freude-am-leben.de/wp-content/uploads/2018/08/Gerrit-Weisshaupt-1-von-2-4.jpg 640w, http://gerrit-mit-freude-am-leben.de/wp-content/uploads/2018/08/Gerrit-Weisshaupt-1-von-2-4-300x225.jpg 300w" sizes="auto, (max-width: 304px) 100vw, 304px" /><figcaption>Gerrit trifft Andreas Gabalier</figcaption></figure></div>



<p>Gerrit hat sich im Lauf der Jahre zu einem echten Musik-Liebhaber entwickelt. Mittlerweile hat er eine beachtliche Sammlung an DVDs zusammengetragen mit Konzerten von A bis Z, von AC/DC bis Zucchero. Damit er diese Konzerte und natürlich auch Filme besser genießen kann, ist derzeit der Bau eines kleinen Kinos geplant. So können auch Freunde, Familie und das Pflegeteam mit Gerrit zusammen die Events genießen.</p>



<p></p>



<p class="has-regular-font-size"><strong>Chris und Gerrit</strong></p>



<div class="wp-block-image"><figure class="alignleft is-resized"><img loading="lazy" decoding="async" src="http://gerrit-mit-freude-am-leben.de/wp-content/uploads/2018/08/Berlin-Juli-2018-79.jpg" alt="" class="wp-image-122" width="225" height="299" srcset="http://gerrit-mit-freude-am-leben.de/wp-content/uploads/2018/08/Berlin-Juli-2018-79.jpg 881w, http://gerrit-mit-freude-am-leben.de/wp-content/uploads/2018/08/Berlin-Juli-2018-79-225x300.jpg 225w, http://gerrit-mit-freude-am-leben.de/wp-content/uploads/2018/08/Berlin-Juli-2018-79-768x1024.jpg 768w" sizes="auto, (max-width: 225px) 100vw, 225px" /><figcaption>Chris und Gerrit sind Freunde</figcaption></figure></div>



<p></p>



<p>Besondere Highlights sind für Gerrit immer wieder der Besuch von Live-Konzerten. Einer der Musiker, die ihm am nächsten stehen und deren Musik eine große Rolle für Gerrit spielen, ist Chris de Burgh: Gerrit verpasst keines seiner Konzerte im süddeutschen Raum. Mit Chris gibt es schon seit Jahrzehnten eine enge Verbindung, Gerrit und seine Familie treffen Chris vor jedem Konzert im Backstage-Bereich, Chris und die Familie haben sich auch schon im Urlaub getroffen.</p>



<p></p>



<p><strong></strong></p>



<p style="color:#ffffff;font-size:12px"><strong>Gerrit überreicht den Preis</strong></p>



<div class="wp-block-image"><figure class="alignright is-resized"><img loading="lazy" decoding="async" src="http://gerrit-mit-freude-am-leben.de/wp-content/uploads/2018/08/Berlin-Juli-2018-63-1.jpg" alt="" class="wp-image-186" width="233" height="304" srcset="http://gerrit-mit-freude-am-leben.de/wp-content/uploads/2018/08/Berlin-Juli-2018-63-1.jpg 479w, http://gerrit-mit-freude-am-leben.de/wp-content/uploads/2018/08/Berlin-Juli-2018-63-1-231x300.jpg 231w" sizes="auto, (max-width: 233px) 100vw, 233px" /><figcaption>Ein Awards für Peter Maffay</figcaption></figure></div>



<p class="has-regular-font-size has-very-dark-gray-color"></p>



<p><strong>Gerrit überreicht den Preis</strong></p>



<p>Chris de Burgh ist aber natürlich nicht der Einzige &#8211; Gerrit war auch schon Backstage bei Andreas Gabalier und Peter Maffay. Dieser gewann im März 2018 den ratiopharm arena Award, und niemand konnte stolzer sein als Gerrit, dem Musiker diesen Preis vor aller Augen zu überreichen. Bei diesem Konzert hat Gerrit sich auch gefreut, Johannes Oerding kennenzulernen. Was nicht bedeutet, dass es damit genug wäre: Derzeit stehen Helene Fischer, Udo Lindenberg und die Kelly Family auf Gerrits Wunschliste &#8211; es geht also bald wieder los!</p>



<p></p>



<p></p>



<p></p>



<ul class="wp-block-gallery columns-3 is-cropped wp-block-gallery-1 is-layout-flex wp-block-gallery-is-layout-flex"><li class="blocks-gallery-item"><figure><img loading="lazy" decoding="async" width="1600" height="1200" src="http://gerrit-mit-freude-am-leben.de/wp-content/uploads/2018/08/Berlin-Juli-2018-84.jpg" alt="" data-id="127" data-link="http://gerrit-mit-freude-am-leben.de/?attachment_id=127" class="wp-image-127" srcset="http://gerrit-mit-freude-am-leben.de/wp-content/uploads/2018/08/Berlin-Juli-2018-84.jpg 1600w, http://gerrit-mit-freude-am-leben.de/wp-content/uploads/2018/08/Berlin-Juli-2018-84-300x225.jpg 300w, http://gerrit-mit-freude-am-leben.de/wp-content/uploads/2018/08/Berlin-Juli-2018-84-768x576.jpg 768w, http://gerrit-mit-freude-am-leben.de/wp-content/uploads/2018/08/Berlin-Juli-2018-84-1024x768.jpg 1024w" sizes="auto, (max-width: 1600px) 100vw, 1600px" /><figcaption>Chris zu Besuch in Achstetten</figcaption></figure></li><li class="blocks-gallery-item"><figure><img loading="lazy" decoding="async" width="1200" height="1600" src="http://gerrit-mit-freude-am-leben.de/wp-content/uploads/2018/08/Berlin-Juli-2018-85.jpg" alt="" data-id="128" data-link="http://gerrit-mit-freude-am-leben.de/?attachment_id=128" class="wp-image-128" srcset="http://gerrit-mit-freude-am-leben.de/wp-content/uploads/2018/08/Berlin-Juli-2018-85.jpg 1200w, http://gerrit-mit-freude-am-leben.de/wp-content/uploads/2018/08/Berlin-Juli-2018-85-225x300.jpg 225w, http://gerrit-mit-freude-am-leben.de/wp-content/uploads/2018/08/Berlin-Juli-2018-85-768x1024.jpg 768w" sizes="auto, (max-width: 1200px) 100vw, 1200px" /><figcaption>Chris und Gerrit sind Freunde</figcaption></figure></li><li class="blocks-gallery-item"><figure><img loading="lazy" decoding="async" width="960" height="1280" src="http://gerrit-mit-freude-am-leben.de/wp-content/uploads/2018/08/Berlin-Juli-2018-81.jpg" alt="" data-id="124" data-link="http://gerrit-mit-freude-am-leben.de/?attachment_id=124" class="wp-image-124" srcset="http://gerrit-mit-freude-am-leben.de/wp-content/uploads/2018/08/Berlin-Juli-2018-81.jpg 960w, http://gerrit-mit-freude-am-leben.de/wp-content/uploads/2018/08/Berlin-Juli-2018-81-225x300.jpg 225w, http://gerrit-mit-freude-am-leben.de/wp-content/uploads/2018/08/Berlin-Juli-2018-81-768x1024.jpg 768w" sizes="auto, (max-width: 960px) 100vw, 960px" /><figcaption>Gerrit liebt Live &#8211; Konzerte</figcaption></figure></li><li class="blocks-gallery-item"><figure><img loading="lazy" decoding="async" width="424" height="565" src="http://gerrit-mit-freude-am-leben.de/wp-content/uploads/2018/08/Berlin-Juli-2018-19.jpg" alt="" data-id="62" data-link="http://gerrit-mit-freude-am-leben.de/?attachment_id=62" class="wp-image-62" srcset="http://gerrit-mit-freude-am-leben.de/wp-content/uploads/2018/08/Berlin-Juli-2018-19.jpg 424w, http://gerrit-mit-freude-am-leben.de/wp-content/uploads/2018/08/Berlin-Juli-2018-19-225x300.jpg 225w" sizes="auto, (max-width: 424px) 100vw, 424px" /><figcaption>Live bei  BAP</figcaption></figure></li><li class="blocks-gallery-item"><figure><img loading="lazy" decoding="async" width="480" height="640" src="http://gerrit-mit-freude-am-leben.de/wp-content/uploads/2018/08/Berlin-Juli-2018-21.jpg" alt="" data-id="64" data-link="http://gerrit-mit-freude-am-leben.de/?attachment_id=64" class="wp-image-64" srcset="http://gerrit-mit-freude-am-leben.de/wp-content/uploads/2018/08/Berlin-Juli-2018-21.jpg 480w, http://gerrit-mit-freude-am-leben.de/wp-content/uploads/2018/08/Berlin-Juli-2018-21-225x300.jpg 225w" sizes="auto, (max-width: 480px) 100vw, 480px" /><figcaption>Oktoberfestbesuch</figcaption></figure></li><li class="blocks-gallery-item"><figure><img loading="lazy" decoding="async" width="603" height="452" src="http://gerrit-mit-freude-am-leben.de/wp-content/uploads/2018/08/Berlin-Juli-2018-17.jpg" alt="" data-id="60" data-link="http://gerrit-mit-freude-am-leben.de/?attachment_id=60" class="wp-image-60" srcset="http://gerrit-mit-freude-am-leben.de/wp-content/uploads/2018/08/Berlin-Juli-2018-17.jpg 603w, http://gerrit-mit-freude-am-leben.de/wp-content/uploads/2018/08/Berlin-Juli-2018-17-300x225.jpg 300w" sizes="auto, (max-width: 603px) 100vw, 603px" /><figcaption>Geneinsam bei PUR</figcaption></figure></li></ul>

<p>Ein Leben ohne Musik wäre für Gerrit undenkbar, er liebt einfach die Musik! Sie ist zu einem festen Bestandteil seines Lebens geworden, und sobald er etwas Ruhe hat, lauscht er</p>
